2026/06/19 05:26:44 [error] 2673770#2673770: *119608 access forbidden by rule, client: 36.93.152.155, server: casalcorp.com, request: "POST /xmlrpc.php HTTP/1.1", host: "godswaymedia.com"
2026/06/19 05:26:53 [error] 2673770#2673770: *122607 access forbidden by rule, client: 2402:e280:3d66:2ed:14f8:eb0f:adf7:5333, server: beavercreekhomesolutions.com, request: "POST /xmlrpc.php HTTP/1.1", host: "beavercreekhomesolutions.com"
2026/06/19 05:26:55 [error] 2673770#2673770: *119608 access forbidden by rule, client: 36.93.152.155, server: casalcorp.com, request: "POST /xmlrpc.php HTTP/1.1", host: "godswaymedia.com"
2026/06/19 05:27:03 [error] 2673770#2673770: *122607 access forbidden by rule, client: 2402:e280:3d66:2ed:14f8:eb0f:adf7:5333, server: beavercreekhomesolutions.com, request: "POST /xmlrpc.php HTTP/1.1", host: "beavercreekhomesolutions.com"
2026/06/19 05:27:05 [error] 2673770#2673770: *119608 access forbidden by rule, client: 36.93.152.155, server: casalcorp.com, request: "POST /xmlrpc.php HTTP/1.1", host: "godswaymedia.com"
2026/06/19 05:27:15 [error] 2673770#2673770: *122607 access forbidden by rule, client: 2402:e280:3d66:2ed:14f8:eb0f:adf7:5333, server: beavercreekhomesolutions.com, request: "POST /xmlrpc.php HTTP/1.1", host: "beavercreekhomesolutions.com"
2026/06/19 05:27:16 [error] 2673770#2673770: *119608 access forbidden by rule, client: 36.93.152.155, server: casalcorp.com, request: "POST /xmlrpc.php HTTP/1.1", host: "godswaymedia.com"
2026/06/19 05:27:25 [error] 2673770#2673770: *122607 access forbidden by rule, client: 2402:e280:3d66:2ed:14f8:eb0f:adf7:5333, server: beavercreekhomesolutions.com, request: "POST /xmlrpc.php HTTP/1.1", host: "beavercreekhomesolutions.com"
2026/06/19 05:27:26 [error] 2673770#2673770: *119608 access forbidden by rule, client: 36.93.152.155, server: casalcorp.com, request: "POST /xmlrpc.php HTTP/1.1", host: "godswaymedia.com"
2026/06/19 05:27:36 [error] 2673770#2673770: *122607 access forbidden by rule, client: 2402:e280:3d66:2ed:14f8:eb0f:adf7:5333, server: beavercreekhomesolutions.com, request: "POST /xmlrpc.php HTTP/1.1", host: "beavercreekhomesolutions.com"
2026/06/19 05:27:37 [error] 2673770#2673770: *119608 access forbidden by rule, client: 36.93.152.155, server: casalcorp.com, request: "POST /xmlrpc.php HTTP/1.1", host: "godswaymedia.com"
2026/06/19 05:27:47 [error] 2673770#2673770: *122607 access forbidden by rule, client: 2402:e280:3d66:2ed:14f8:eb0f:adf7:5333, server: beavercreekhomesolutions.com, request: "POST /xmlrpc.php HTTP/1.1", host: "beavercreekhomesolutions.com"
2026/06/19 05:27:47 [error] 2673770#2673770: *119608 access forbidden by rule, client: 36.93.152.155, server: casalcorp.com, request: "POST /xmlrpc.php HTTP/1.1", host: "godswaymedia.com"
2026/06/19 05:27:58 [error] 2673770#2673770: *119608 access forbidden by rule, client: 36.93.152.155, server: casalcorp.com, request: "POST /xmlrpc.php HTTP/1.1", host: "godswaymedia.com"
2026/06/19 05:27:58 [error] 2673770#2673770: *122607 access forbidden by rule, client: 2402:e280:3d66:2ed:14f8:eb0f:adf7:5333, server: beavercreekhomesolutions.com, request: "POST /xmlrpc.php HTTP/1.1", host: "beavercreekhomesolutions.com"
2026/06/19 05:27:58 [error] 2673770#2673770: *137053 access forbidden by rule, client: 162.254.36.150, server: boguskyfreakout.thenextwave.biz, request: "GET /?author=5&feed=rss2 HTTP/1.1", host: "boguskyfreakout.com"
2026/06/19 05:28:08 [error] 2673770#2673770: *119608 access forbidden by rule, client: 36.93.152.155, server: casalcorp.com, request: "POST /xmlrpc.php HTTP/1.1", host: "godswaymedia.com"
2026/06/19 05:28:09 [error] 2673770#2673770: *122607 access forbidden by rule, client: 2402:e280:3d66:2ed:14f8:eb0f:adf7:5333, server: beavercreekhomesolutions.com, request: "POST /xmlrpc.php HTTP/1.1", host: "beavercreekhomesolutions.com"
2026/06/19 05:28:19 [error] 2673770#2673770: *119608 access forbidden by rule, client: 36.93.152.155, server: casalcorp.com, request: "POST /xmlrpc.php HTTP/1.1", host: "godswaymedia.com"
2026/06/19 05:28:20 [error] 2673770#2673770: *122607 access forbidden by rule, client: 2402:e280:3d66:2ed:14f8:eb0f:adf7:5333, server: beavercreekhomesolutions.com, request: "POST /xmlrpc.php HTTP/1.1", host: "beavercreekhomesolutions.com"
2026/06/19 05:28:29 [error] 2673770#2673770: *119608 access forbidden by rule, client: 36.93.152.155, server: casalcorp.com, request: "POST /xmlrpc.php HTTP/1.1", host: "godswaymedia.com"
2026/06/19 05:28:30 [error] 2673770#2673770: *122607 access forbidden by rule, client: 2402:e280:3d66:2ed:14f8:eb0f:adf7:5333, server: beavercreekhomesolutions.com, request: "POST /xmlrpc.php HTTP/1.1", host: "beavercreekhomesolutions.com"
2026/06/19 05:28:40 [error] 2673770#2673770: *119608 access forbidden by rule, client: 36.93.152.155, server: casalcorp.com, request: "POST /xmlrpc.php HTTP/1.1", host: "godswaymedia.com"
2026/06/19 05:28:41 [error] 2673770#2673770: *122607 access forbidden by rule, client: 2402:e280:3d66:2ed:14f8:eb0f:adf7:5333, server: beavercreekhomesolutions.com, request: "POST /xmlrpc.php HTTP/1.1", host: "beavercreekhomesolutions.com"
2026/06/19 05:28:50 [error] 2673770#2673770: *119608 access forbidden by rule, client: 36.93.152.155, server: casalcorp.com, request: "POST /xmlrpc.php HTTP/1.1", host: "godswaymedia.com"
2026/06/19 05:28:52 [error] 2673770#2673770: *122607 access forbidden by rule, client: 2402:e280:3d66:2ed:14f8:eb0f:adf7:5333, server: beavercreekhomesolutions.com, request: "POST /xmlrpc.php HTTP/1.1", host: "beavercreekhomesolutions.com"
2026/06/19 05:29:01 [error] 2673770#2673770: *119608 access forbidden by rule, client: 36.93.152.155, server: casalcorp.com, request: "POST /xmlrpc.php HTTP/1.1", host: "godswaymedia.com"
2026/06/19 05:29:03 [error] 2673770#2673770: *122607 access forbidden by rule, client: 2402:e280:3d66:2ed:14f8:eb0f:adf7:5333, server: beavercreekhomesolutions.com, request: "POST /xmlrpc.php HTTP/1.1", host: "beavercreekhomesolutions.com"
2026/06/19 05:29:11 [error] 2673770#2673770: *119608 access forbidden by rule, client: 36.93.152.155, server: casalcorp.com, request: "POST /xmlrpc.php HTTP/1.1", host: "godswaymedia.com"
2026/06/19 05:29:13 [error] 2673770#2673770: *122607 access forbidden by rule, client: 2402:e280:3d66:2ed:14f8:eb0f:adf7:5333, server: beavercreekhomesolutions.com, request: "POST /xmlrpc.php HTTP/1.1", host: "beavercreekhomesolutions.com"
2026/06/19 05:29:22 [error] 2673770#2673770: *119608 access forbidden by rule, client: 36.93.152.155, server: casalcorp.com, request: "POST /xmlrpc.php HTTP/1.1", host: "godswaymedia.com"
2026/06/19 05:29:24 [error] 2673770#2673770: *122607 access forbidden by rule, client: 2402:e280:3d66:2ed:14f8:eb0f:adf7:5333, server: beavercreekhomesolutions.com, request: "POST /xmlrpc.php HTTP/1.1", host: "beavercreekhomesolutions.com"
2026/06/19 05:29:32 [error] 2673770#2673770: *119608 access forbidden by rule, client: 36.93.152.155, server: casalcorp.com, request: "POST /xmlrpc.php HTTP/1.1", host: "godswaymedia.com"
2026/06/19 05:29:35 [error] 2673770#2673770: *122607 access forbidden by rule, client: 2402:e280:3d66:2ed:14f8:eb0f:adf7:5333, server: beavercreekhomesolutions.com, request: "POST /xmlrpc.php HTTP/1.1", host: "beavercreekhomesolutions.com"
2026/06/19 05:29:43 [error] 2673770#2673770: *119608 access forbidden by rule, client: 36.93.152.155, server: casalcorp.com, request: "POST /xmlrpc.php HTTP/1.1", host: "godswaymedia.com"
2026/06/19 05:29:47 [error] 2673770#2673770: *122607 access forbidden by rule, client: 2402:e280:3d66:2ed:14f8:eb0f:adf7:5333, server: beavercreekhomesolutions.com, request: "POST /xmlrpc.php HTTP/1.1", host: "beavercreekhomesolutions.com"
2026/06/19 05:29:53 [error] 2673770#2673770: *119608 access forbidden by rule, client: 36.93.152.155, server: casalcorp.com, request: "POST /xmlrpc.php HTTP/1.1", host: "godswaymedia.com"
2026/06/19 05:29:53 [warn] 2673770#2673770: *138448 an upstream response is buffered to a temporary file /var/cache/nginx/proxy_temp/9/89/0067942899 while reading upstream, client: 23.19.248.178, server: southparktavern.com, request: "GET /my-bookings/ HTTP/1.1", upstream: "https://165.140.87.36:444/my-bookings/", host: "southparktavern.com", referrer: "https://southparktavern.com/"
2026/06/19 05:29:58 [error] 2673770#2673770: *122607 access forbidden by rule, client: 2402:e280:3d66:2ed:14f8:eb0f:adf7:5333, server: beavercreekhomesolutions.com, request: "POST /xmlrpc.php HTTP/1.1", host: "beavercreekhomesolutions.com"
2026/06/19 05:30:04 [error] 2673770#2673770: *119608 access forbidden by rule, client: 36.93.152.155, server: casalcorp.com, request: "POST /xmlrpc.php HTTP/1.1", host: "godswaymedia.com"
2026/06/19 05:30:09 [error] 2673770#2673770: *122607 access forbidden by rule, client: 2402:e280:3d66:2ed:14f8:eb0f:adf7:5333, server: beavercreekhomesolutions.com, request: "POST /xmlrpc.php HTTP/1.1", host: "beavercreekhomesolutions.com"
2026/06/19 05:30:10 [error] 2673770#2673770: *138982 access forbidden by rule, client: 62.60.130.239, server: bellamusicadayton.com, request: "GET /?author=1 HTTP/1.1", host: "bellamusicadayton.com", referrer: "https://duckduckgo.com/"
2026/06/19 05:30:10 [error] 2673770#2673770: *138982 access forbidden by rule, client: 62.60.130.239, server: bellamusicadayton.com, request: "GET /?author=2 HTTP/1.1", host: "bellamusicadayton.com", referrer: "https://duckduckgo.com/"
2026/06/19 05:30:10 [error] 2673770#2673770: *138982 access forbidden by rule, client: 62.60.130.239, server: bellamusicadayton.com, request: "GET /?author=3 HTTP/1.1", host: "bellamusicadayton.com", referrer: "https://duckduckgo.com/"
2026/06/19 05:30:10 [error] 2673770#2673770: *138982 access forbidden by rule, client: 62.60.130.239, server: bellamusicadayton.com, request: "GET /?author=4 HTTP/1.1", host: "bellamusicadayton.com", referrer: "https://duckduckgo.com/"
2026/06/19 05:30:10 [error] 2673770#2673770: *138982 access forbidden by rule, client: 62.60.130.239, server: bellamusicadayton.com, request: "GET /?author=5 HTTP/1.1", host: "bellamusicadayton.com", referrer: "https://duckduckgo.com/"
2026/06/19 05:30:10 [error] 2673770#2673770: *138982 access forbidden by rule, client: 62.60.130.239, server: bellamusicadayton.com, request: "GET /?author=6 HTTP/1.1", host: "bellamusicadayton.com"
2026/06/19 05:30:11 [error] 2673770#2673770: *138982 access forbidden by rule, client: 62.60.130.239, server: bellamusicadayton.com, request: "GET /?author=7 HTTP/1.1", host: "bellamusicadayton.com"
2026/06/19 05:30:11 [error] 2673770#2673770: *138982 access forbidden by rule, client: 62.60.130.239, server: bellamusicadayton.com, request: "GET /?author=8 HTTP/1.1", host: "bellamusicadayton.com", referrer: "https://www.google.com/search?q=wordpress"
2026/06/19 05:30:11 [error] 2673770#2673770: *138982 access forbidden by rule, client: 62.60.130.239, server: bellamusicadayton.com, request: "GET /?author=9 HTTP/1.1", host: "bellamusicadayton.com"
2026/06/19 05:30:14 [error] 2673770#2673770: *119608 access forbidden by rule, client: 36.93.152.155, server: casalcorp.com, request: "POST /xmlrpc.php HTTP/1.1", host: "godswaymedia.com"
2026/06/19 05:30:20 [error] 2673770#2673770: *122607 access forbidden by rule, client: 2402:e280:3d66:2ed:14f8:eb0f:adf7:5333, server: beavercreekhomesolutions.com, request: "POST /xmlrpc.php HTTP/1.1", host: "beavercreekhomesolutions.com"
2026/06/19 05:30:25 [error] 2673770#2673770: *119608 access forbidden by rule, client: 36.93.152.155, server: casalcorp.com, request: "POST /xmlrpc.php HTTP/1.1", host: "godswaymedia.com"
2026/06/19 05:30:31 [error] 2673770#2673770: *122607 access forbidden by rule, client: 2402:e280:3d66:2ed:14f8:eb0f:adf7:5333, server: beavercreekhomesolutions.com, request: "POST /xmlrpc.php HTTP/1.1", host: "beavercreekhomesolutions.com"
2026/06/19 05:30:35 [error] 2673770#2673770: *119608 access forbidden by rule, client: 36.93.152.155, server: casalcorp.com, request: "POST /xmlrpc.php HTTP/1.1", host: "godswaymedia.com"
2026/06/19 05:30:42 [error] 2673770#2673770: *122607 access forbidden by rule, client: 2402:e280:3d66:2ed:14f8:eb0f:adf7:5333, server: beavercreekhomesolutions.com, request: "POST /xmlrpc.php HTTP/1.1", host: "beavercreekhomesolutions.com"
2026/06/19 05:30:46 [error] 2673770#2673770: *119608 access forbidden by rule, client: 36.93.152.155, server: casalcorp.com, request: "POST /xmlrpc.php HTTP/1.1", host: "godswaymedia.com"
2026/06/19 05:30:53 [error] 2673770#2673770: *122607 access forbidden by rule, client: 2402:e280:3d66:2ed:14f8:eb0f:adf7:5333, server: beavercreekhomesolutions.com, request: "POST /xmlrpc.php HTTP/1.1", host: "beavercreekhomesolutions.com"
2026/06/19 05:30:56 [error] 2673770#2673770: *119608 access forbidden by rule, client: 36.93.152.155, server: casalcorp.com, request: "POST /xmlrpc.php HTTP/1.1", host: "godswaymedia.com"
2026/06/19 05:31:05 [error] 2673770#2673770: *122607 access forbidden by rule, client: 2402:e280:3d66:2ed:14f8:eb0f:adf7:5333, server: beavercreekhomesolutions.com, request: "POST /xmlrpc.php HTTP/1.1", host: "beavercreekhomesolutions.com"
2026/06/19 05:31:07 [error] 2673770#2673770: *119608 access forbidden by rule, client: 36.93.152.155, server: casalcorp.com, request: "POST /xmlrpc.php HTTP/1.1", host: "godswaymedia.com"
2026/06/19 05:31:16 [error] 2673770#2673770: *122607 access forbidden by rule, client: 2402:e280:3d66:2ed:14f8:eb0f:adf7:5333, server: beavercreekhomesolutions.com, request: "POST /xmlrpc.php HTTP/1.1", host: "beavercreekhomesolutions.com"
2026/06/19 05:31:17 [error] 2673770#2673770: *119608 access forbidden by rule, client: 36.93.152.155, server: casalcorp.com, request: "POST /xmlrpc.php HTTP/1.1", host: "godswaymedia.com"
2026/06/19 05:31:27 [error] 2673770#2673770: *122607 access forbidden by rule, client: 2402:e280:3d66:2ed:14f8:eb0f:adf7:5333, server: beavercreekhomesolutions.com, request: "POST /xmlrpc.php HTTP/1.1", host: "beavercreekhomesolutions.com"
2026/06/19 05:31:28 [error] 2673770#2673770: *119608 access forbidden by rule, client: 36.93.152.155, server: casalcorp.com, request: "POST /xmlrpc.php HTTP/1.1", host: "godswaymedia.com"
2026/06/19 05:31:38 [error] 2673770#2673770: *119608 access forbidden by rule, client: 36.93.152.155, server: casalcorp.com, request: "POST /xmlrpc.php HTTP/1.1", host: "godswaymedia.com"
2026/06/19 05:31:39 [error] 2673770#2673770: *122607 access forbidden by rule, client: 2402:e280:3d66:2ed:14f8:eb0f:adf7:5333, server: beavercreekhomesolutions.com, request: "POST /xmlrpc.php HTTP/1.1", host: "beavercreekhomesolutions.com"
2026/06/19 05:31:49 [error] 2673770#2673770: *119608 access forbidden by rule, client: 36.93.152.155, server: casalcorp.com, request: "POST /xmlrpc.php HTTP/1.1", host: "godswaymedia.com"
2026/06/19 05:31:50 [error] 2673770#2673770: *122607 access forbidden by rule, client: 2402:e280:3d66:2ed:14f8:eb0f:adf7:5333, server: beavercreekhomesolutions.com, request: "POST /xmlrpc.php HTTP/1.1", host: "beavercreekhomesolutions.com"
2026/06/19 05:31:59 [error] 2673770#2673770: *119608 access forbidden by rule, client: 36.93.152.155, server: casalcorp.com, request: "POST /xmlrpc.php HTTP/1.1", host: "godswaymedia.com"
2026/06/19 05:32:01 [error] 2673770#2673770: *122607 access forbidden by rule, client: 2402:e280:3d66:2ed:14f8:eb0f:adf7:5333, server: beavercreekhomesolutions.com, request: "POST /xmlrpc.php HTTP/1.1", host: "beavercreekhomesolutions.com"
2026/06/19 05:32:03 [error] 2673770#2673770: *137814 access forbidden by rule, client: 185.177.72.67, server: cdcrc.org, request: "GET /cache/config%2ephp HTTP/1.1", host: "www.cdcrc.org"
2026/06/19 05:32:12 [error] 2673770#2673770: *122607 access forbidden by rule, client: 2402:e280:3d66:2ed:14f8:eb0f:adf7:5333, server: beavercreekhomesolutions.com, request: "POST /xmlrpc.php HTTP/1.1", host: "beavercreekhomesolutions.com"
2026/06/19 05:32:22 [error] 2673770#2673770: *138647 access forbidden by rule, client: 20.12.213.50, server: academyhockey.org, request: "GET /wp-includes/ID3/about.php HTTP/1.1", host: "academyhockey.org"
2026/06/19 05:32:22 [error] 2673770#2673770: *122607 access forbidden by rule, client: 2402:e280:3d66:2ed:14f8:eb0f:adf7:5333, server: beavercreekhomesolutions.com, request: "POST /xmlrpc.php HTTP/1.1", host: "beavercreekhomesolutions.com"
2026/06/19 05:32:33 [error] 2673770#2673770: *122607 access forbidden by rule, client: 2402:e280:3d66:2ed:14f8:eb0f:adf7:5333, server: beavercreekhomesolutions.com, request: "POST /xmlrpc.php HTTP/1.1", host: "beavercreekhomesolutions.com"
2026/06/19 05:32:44 [error] 2673770#2673770: *122607 access forbidden by rule, client: 2402:e280:3d66:2ed:14f8:eb0f:adf7:5333, server: beavercreekhomesolutions.com, request: "POST /xmlrpc.php HTTP/1.1", host: "beavercreekhomesolutions.com"
2026/06/19 05:32:45 [warn] 2673770#2673770: *140966 an upstream response is buffered to a temporary file /var/cache/nginx/proxy_temp/4/17/0067943174 while reading upstream, client: 209.58.157.117, server: southparktavern.com, request: "GET /my-bookings/ HTTP/1.1", upstream: "https://165.140.87.36:444/my-bookings/", host: "southparktavern.com", referrer: "https://southparktavern.com/"
2026/06/19 05:32:54 [error] 2673770#2673770: *122607 access forbidden by rule, client: 2402:e280:3d66:2ed:14f8:eb0f:adf7:5333, server: beavercreekhomesolutions.com, request: "POST /xmlrpc.php HTTP/1.1", host: "beavercreekhomesolutions.com"
2026/06/19 05:33:05 [error] 2673770#2673770: *122607 access forbidden by rule, client: 2402:e280:3d66:2ed:14f8:eb0f:adf7:5333, server: beavercreekhomesolutions.com, request: "POST /xmlrpc.php HTTP/1.1", host: "beavercreekhomesolutions.com"
2026/06/19 05:33:16 [error] 2673770#2673770: *122607 access forbidden by rule, client: 2402:e280:3d66:2ed:14f8:eb0f:adf7:5333, server: beavercreekhomesolutions.com, request: "POST /xmlrpc.php HTTP/1.1", host: "beavercreekhomesolutions.com"
2026/06/19 05:33:26 [error] 2673770#2673770: *122607 access forbidden by rule, client: 2402:e280:3d66:2ed:14f8:eb0f:adf7:5333, server: beavercreekhomesolutions.com, request: "POST /xmlrpc.php HTTP/1.1", host: "beavercreekhomesolutions.com"
2026/06/19 05:33:37 [error] 2673770#2673770: *122607 access forbidden by rule, client: 2402:e280:3d66:2ed:14f8:eb0f:adf7:5333, server: beavercreekhomesolutions.com, request: "POST /xmlrpc.php HTTP/1.1", host: "beavercreekhomesolutions.com"
2026/06/19 05:33:48 [error] 2673770#2673770: *122607 access forbidden by rule, client: 2402:e280:3d66:2ed:14f8:eb0f:adf7:5333, server: beavercreekhomesolutions.com, request: "POST /xmlrpc.php HTTP/1.1", host: "beavercreekhomesolutions.com"
2026/06/19 05:33:58 [error] 2673770#2673770: *122607 access forbidden by rule, client: 2402:e280:3d66:2ed:14f8:eb0f:adf7:5333, server: beavercreekhomesolutions.com, request: "POST /xmlrpc.php HTTP/1.1", host: "beavercreekhomesolutions.com"
2026/06/19 05:34:09 [error] 2673770#2673770: *122607 access forbidden by rule, client: 2402:e280:3d66:2ed:14f8:eb0f:adf7:5333, server: beavercreekhomesolutions.com, request: "POST /xmlrpc.php HTTP/1.1", host: "beavercreekhomesolutions.com"
2026/06/19 05:34:20 [error] 2673770#2673770: *122607 access forbidden by rule, client: 2402:e280:3d66:2ed:14f8:eb0f:adf7:5333, server: beavercreekhomesolutions.com, request: "POST /xmlrpc.php HTTP/1.1", host: "beavercreekhomesolutions.com"
2026/06/19 05:34:30 [error] 2673770#2673770: *122607 access forbidden by rule, client: 2402:e280:3d66:2ed:14f8:eb0f:adf7:5333, server: beavercreekhomesolutions.com, request: "POST /xmlrpc.php HTTP/1.1", host: "beavercreekhomesolutions.com"
2026/06/19 05:34:41 [error] 2673770#2673770: *122607 access forbidden by rule, client: 2402:e280:3d66:2ed:14f8:eb0f:adf7:5333, server: beavercreekhomesolutions.com, request: "POST /xmlrpc.php HTTP/1.1", host: "beavercreekhomesolutions.com"
2026/06/19 05:34:52 [error] 2673770#2673770: *122607 access forbidden by rule, client: 2402:e280:3d66:2ed:14f8:eb0f:adf7:5333, server: beavercreekhomesolutions.com, request: "POST /xmlrpc.php HTTP/1.1", host: "beavercreekhomesolutions.com"
2026/06/19 05:35:03 [error] 2673770#2673770: *122607 access forbidden by rule, client: 2402:e280:3d66:2ed:14f8:eb0f:adf7:5333, server: beavercreekhomesolutions.com, request: "POST /xmlrpc.php HTTP/1.1", host: "beavercreekhomesolutions.com"
2026/06/19 05:35:14 [error] 2673770#2673770: *122607 access forbidden by rule, client: 2402:e280:3d66:2ed:14f8:eb0f:adf7:5333, server: beavercreekhomesolutions.com, request: "POST /xmlrpc.php HTTP/1.1", host: "beavercreekhomesolutions.com"
2026/06/19 05:35:25 [error] 2673770#2673770: *122607 access forbidden by rule, client: 2402:e280:3d66:2ed:14f8:eb0f:adf7:5333, server: beavercreekhomesolutions.com, request: "POST /xmlrpc.php HTTP/1.1", host: "beavercreekhomesolutions.com"
2026/06/19 05:35:36 [error] 2673770#2673770: *122607 access forbidden by rule, client: 2402:e280:3d66:2ed:14f8:eb0f:adf7:5333, server: beavercreekhomesolutions.com, request: "POST /xmlrpc.php HTTP/1.1", host: "beavercreekhomesolutions.com"
2026/06/19 05:35:46 [error] 2673770#2673770: *122607 access forbidden by rule, client: 2402:e280:3d66:2ed:14f8:eb0f:adf7:5333, server: beavercreekhomesolutions.com, request: "POST /xmlrpc.php HTTP/1.1", host: "beavercreekhomesolutions.com"
2026/06/19 05:35:57 [error] 2673770#2673770: *122607 access forbidden by rule, client: 2402:e280:3d66:2ed:14f8:eb0f:adf7:5333, server: beavercreekhomesolutions.com, request: "POST /xmlrpc.php HTTP/1.1", host: "beavercreekhomesolutions.com"
2026/06/19 05:36:08 [error] 2673770#2673770: *122607 access forbidden by rule, client: 2402:e280:3d66:2ed:14f8:eb0f:adf7:5333, server: beavercreekhomesolutions.com, request: "POST /xmlrpc.php HTTP/1.1", host: "beavercreekhomesolutions.com"
2026/06/19 05:36:19 [error] 2673770#2673770: *122607 access forbidden by rule, client: 2402:e280:3d66:2ed:14f8:eb0f:adf7:5333, server: beavercreekhomesolutions.com, request: "POST /xmlrpc.php HTTP/1.1", host: "beavercreekhomesolutions.com"
2026/06/19 05:36:29 [error] 2673770#2673770: *122607 access forbidden by rule, client: 2402:e280:3d66:2ed:14f8:eb0f:adf7:5333, server: beavercreekhomesolutions.com, request: "POST /xmlrpc.php HTTP/1.1", host: "beavercreekhomesolutions.com"
2026/06/19 05:36:40 [error] 2673770#2673770: *122607 access forbidden by rule, client: 2402:e280:3d66:2ed:14f8:eb0f:adf7:5333, server: beavercreekhomesolutions.com, request: "POST /xmlrpc.php HTTP/1.1", host: "beavercreekhomesolutions.com"
2026/06/19 05:45:20 [error] 2673770#2673770: *149156 access forbidden by rule, client: 78.142.18.172, server: beavercreekhomesolutions.com, request: "GET /?author=2&feed=rss2 HTTP/1.1", host: "www.beavercreekhomesolutions.com"
2026/06/19 05:45:55 [error] 2673770#2673770: *149156 access forbidden by rule, client: 78.142.18.172, server: beavercreekhomesolutions.com, request: "GET /?author=4&feed=rss2 HTTP/1.1", host: "www.beavercreekhomesolutions.com"
2026/06/19 05:46:34 [error] 2673770#2673770: *149436 access forbidden by rule, client: 78.142.18.172, server: beavercreekhomesolutions.com, request: "GET /?author=5&feed=rss2 HTTP/1.1", host: "www.beavercreekhomesolutions.com"
2026/06/19 05:47:48 [error] 2673770#2673770: *150986 access forbidden by rule, client: 213.128.70.19, server: beavercreekhomesolutions.com, request: "GET /?author=3 HTTP/1.1", host: "www.beavercreekhomesolutions.com"
2026/06/19 05:47:49 [error] 2673770#2673770: *150998 access forbidden by rule, client: 185.55.229.75, server: beavercreekhomesolutions.com, request: "GET /?author=4 HTTP/1.1", host: "www.beavercreekhomesolutions.com"
2026/06/19 05:49:22 [error] 2673770#2673770: *151962 access forbidden by rule, client: 147.93.158.72, server: thinknps.com, request: "GET /?author=1 HTTP/1.1", host: "gonps.com"
2026/06/19 05:49:23 [error] 2673770#2673770: *151962 access forbidden by rule, client: 147.93.158.72, server: thinknps.com, request: "GET /?author=2 HTTP/1.1", host: "gonps.com"
2026/06/19 05:49:23 [error] 2673770#2673770: *151962 access forbidden by rule, client: 147.93.158.72, server: thinknps.com, request: "GET /?author=3 HTTP/1.1", host: "gonps.com"
2026/06/19 05:49:23 [error] 2673770#2673770: *151962 access forbidden by rule, client: 147.93.158.72, server: thinknps.com, request: "GET /?author=4 HTTP/1.1", host: "gonps.com"
2026/06/19 05:49:24 [error] 2673770#2673770: *151962 access forbidden by rule, client: 147.93.158.72, server: thinknps.com, request: "GET /?author=5 HTTP/1.1", host: "gonps.com"
2026/06/19 05:49:35 [error] 2673770#2673770: *152257 access forbidden by rule, client: 162.254.36.150, server: beavercreekhomesolutions.com, request: "POST /xmlrpc.php HTTP/1.1", host: "www.beavercreekhomesolutions.com"
2026/06/19 05:52:03 [error] 2673770#2673770: *154016 access forbidden by rule, client: 136.144.35.238, server: applehatessmallbusiness.com, request: "GET /?author=1 HTTP/1.1", host: "applehatessmallbusiness.com"
2026/06/19 05:55:11 [warn] 2673770#2673770: *156146 an upstream response is buffered to a temporary file /var/cache/nginx/proxy_temp/9/81/0067944819 while reading upstream, client: 130.51.20.151, server: southparktavern.com, request: "GET /my-bookings/ HTTP/1.1", upstream: "https://165.140.87.36:444/my-bookings/", host: "southparktavern.com", referrer: "https://southparktavern.com/"
2026/06/19 06:01:08 [warn] 2673770#2673770: *161023 an upstream response is buffered to a temporary file /var/cache/nginx/proxy_temp/9/23/0067945239 while reading upstream, client: 130.51.20.151, server: southparktavern.com, request: "GET /my-bookings/ HTTP/1.1", upstream: "https://165.140.87.36:444/my-bookings/", host: "southparktavern.com", referrer: "https://southparktavern.com/wp-comments-post.php"
2026/06/19 06:01:48 [warn] 2673770#2673770: *161645 an upstream response is buffered to a temporary file /var/cache/nginx/proxy_temp/1/44/0067945441 while reading upstream, client: 130.51.20.151, server: southparktavern.com, request: "GET /my-bookings/ HTTP/1.1", upstream: "https://165.140.87.36:444/my-bookings/", host: "southparktavern.com"
2026/06/19 06:03:10 [warn] 2673770#2673770: *162798 a client request body is buffered to a temporary file /var/cache/nginx/client_temp/0067945572, client: 178.20.44.140, server: cdcrc.org, request: "POST /wp-comments-post.php HTTP/1.1", host: "www.cdcrc.org", referrer: "https://www.cdcrc.org/creating-community-wealth-gold-fundraiser/comment-page-1/#comment-5066"
2026/06/19 06:04:29 [warn] 2673770#2673770: *163512 a client request body is buffered to a temporary file /var/cache/nginx/client_temp/0067945611, client: 45.148.10.16, server: autodiscover.cometbar.com, request: "POST / HTTP/1.1", host: "webmail.cometbar.com"
2026/06/19 06:04:29 [warn] 2673770#2673770: *163510 a client request body is buffered to a temporary file /var/cache/nginx/client_temp/0067945612, client: 45.148.10.16, server: autodiscover.cometbar.com, request: "POST /en HTTP/1.1", host: "webmail.cometbar.com"
2026/06/19 06:13:44 [error] 2673770#2673770: *168786 access forbidden by rule, client: 158.173.67.200, server: astridglobal.co.uk, request: "GET /xmlrpc.php HTTP/1.1", host: "astridglobal.co.uk"
2026/06/19 06:15:02 [warn] 2673770#2673770: *169966 a client request body is buffered to a temporary file /var/cache/nginx/client_temp/0067946314, client: 45.148.10.16, server: technoconnecto.nextwavehosting.net, request: "POST / HTTP/1.1", host: "technoconnecto.com"
2026/06/19 06:15:04 [warn] 2673770#2673770: *169909 a client request body is buffered to a temporary file /var/cache/nginx/client_temp/0067946316, client: 45.148.10.16, server: technoconnecto.nextwavehosting.net, request: "POST /en HTTP/1.1", host: "technoconnecto.com"
2026/06/19 06:22:32 [warn] 2673770#2673770: *176700 an upstream response is buffered to a temporary file /var/cache/nginx/proxy_temp/0/05/0067947050 while reading upstream, client: 103.197.168.36, server: southparktavern.com, request: "GET /my-bookings/ HTTP/1.1", upstream: "https://165.140.87.36:444/my-bookings/", host: "southparktavern.com", referrer: "https://southparktavern.com/"
2026/06/19 06:26:44 [error] 2673770#2673770: *179292 access forbidden by rule, client: 20.12.193.183, server: cdcrc.org, request: "GET /wp-content/uploads/index.php HTTP/1.1", host: "www.cdcrc.org"
2026/06/19 06:26:59 [error] 2673770#2673770: *179343 access forbidden by rule, client: 20.12.193.183, server: cdcrc.org, request: "GET /xmlrpc.php HTTP/1.1", host: "www.cdcrc.org"
2026/06/19 06:27:09 [error] 2673770#2673770: *179343 access forbidden by rule, client: 20.12.193.183, server: cdcrc.org, request: "GET /wp-includes/Requests/src/Response/about.php HTTP/1.1", host: "www.cdcrc.org"
2026/06/19 06:28:14 [warn] 2673770#2673770: *180100 a client request body is buffered to a temporary file /var/cache/nginx/client_temp/0067947387, client: 45.148.10.16, server: autodiscover.deuer.com, request: "POST / HTTP/1.1", host: "cpanel.deuer.com"
2026/06/19 06:28:14 [warn] 2673770#2673770: *180098 a client request body is buffered to a temporary file /var/cache/nginx/client_temp/0067947388, client: 45.148.10.16, server: autodiscover.deuer.com, request: "POST /en HTTP/1.1", host: "cpanel.deuer.com"
2026/06/19 06:29:15 [warn] 2673770#2673770: *180339 an upstream response is buffered to a temporary file /var/cache/nginx/proxy_temp/2/40/0067947402 while reading upstream, client: 107.152.46.79, server: southparktavern.com, request: "GET /my-bookings/ HTTP/1.1", upstream: "https://165.140.87.36:444/my-bookings/", host: "southparktavern.com", referrer: "https://southparktavern.com/"
2026/06/19 06:33:48 [warn] 2673770#2673770: *182326 a client request body is buffered to a temporary file /var/cache/nginx/client_temp/0067947538, client: 45.148.10.16, server: battlesighttech.com, request: "POST / HTTP/1.1", host: "battlesighttech.com"
2026/06/19 06:33:52 [warn] 2673770#2673770: *182282 a client request body is buffered to a temporary file /var/cache/nginx/client_temp/0067947546, client: 45.148.10.16, server: battlesighttech.com, request: "POST /en HTTP/1.1", host: "battlesighttech.com"
2026/06/19 06:37:50 [error] 2673770#2673770: *184495 access forbidden by rule, client: 188.240.191.168, server: thinknps.com, request: "GET /?author=1&feed=rss2 HTTP/1.1", host: "1ndun.org"
2026/06/19 06:37:57 [error] 2673770#2673770: *184555 access forbidden by rule, client: 121.200.216.55, server: thinknps.com, request: "GET /?author=2&feed=rss2 HTTP/1.1", host: "1ndun.org"
2026/06/19 06:38:45 [error] 2673770#2673770: *185065 access forbidden by rule, client: 78.142.18.172, server: thinknps.com, request: "GET /?author=5&feed=rss2 HTTP/1.1", host: "1ndun.org"
2026/06/19 06:39:39 [error] 2673770#2673770: *185909 access forbidden by rule, client: 167.71.136.93, server: thinknps.com, request: "GET /?author=1 HTTP/1.1", host: "1ndun.org"
2026/06/19 06:39:48 [error] 2673770#2673770: *186035 access forbidden by rule, client: 171.244.34.150, server: thinknps.com, request: "GET /?author=2 HTTP/1.1", host: "1ndun.org"
2026/06/19 06:42:33 [warn] 2673770#2673770: *187658 a client request body is buffered to a temporary file /var/cache/nginx/client_temp/0067947879, client: 45.148.10.16, server: autodiscover.powersfineartphoto.com, request: "POST / HTTP/1.1", host: "cpanel.powersfineartphoto.com"
2026/06/19 06:42:34 [warn] 2673770#2673770: *187652 a client request body is buffered to a temporary file /var/cache/nginx/client_temp/0067947880, client: 45.148.10.16, server: autodiscover.powersfineartphoto.com, request: "POST /en HTTP/1.1", host: "cpanel.powersfineartphoto.com"
2026/06/19 06:44:16 [warn] 2673770#2673770: *188414 an upstream response is buffered to a temporary file /var/cache/nginx/proxy_temp/5/92/0067947925 while reading upstream, client: 23.94.81.199, server: southparktavern.com, request: "GET /my-bookings/ HTTP/1.1", upstream: "https://165.140.87.36:444/my-bookings/", host: "southparktavern.com", referrer: "https://southparktavern.com/"
2026/06/19 06:45:43 [error] 2673770#2673770: *189221 access forbidden by rule, client: 39.48.192.76, server: casalcorp.com, request: "POST /xmlrpc.php HTTP/1.1", host: "casalcorp.com"
2026/06/19 06:45:52 [error] 2673770#2673770: *189221 access forbidden by rule, client: 39.48.192.76, server: casalcorp.com, request: "POST /xmlrpc.php HTTP/1.1", host: "casalcorp.com"
2026/06/19 06:46:03 [error] 2673770#2673770: *189221 access forbidden by rule, client: 39.48.192.76, server: casalcorp.com, request: "POST /xmlrpc.php HTTP/1.1", host: "casalcorp.com"
2026/06/19 06:46:13 [error] 2673770#2673770: *189221 access forbidden by rule, client: 39.48.192.76, server: casalcorp.com, request: "POST /xmlrpc.php HTTP/1.1", host: "casalcorp.com"
2026/06/19 06:46:24 [error] 2673770#2673770: *189221 access forbidden by rule, client: 39.48.192.76, server: casalcorp.com, request: "POST /xmlrpc.php HTTP/1.1", host: "casalcorp.com"
2026/06/19 06:46:35 [error] 2673770#2673770: *189221 access forbidden by rule, client: 39.48.192.76, server: casalcorp.com, request: "POST /xmlrpc.php HTTP/1.1", host: "casalcorp.com"
2026/06/19 06:46:46 [error] 2673770#2673770: *189221 access forbidden by rule, client: 39.48.192.76, server: casalcorp.com, request: "POST /xmlrpc.php HTTP/1.1", host: "casalcorp.com"
2026/06/19 06:46:56 [error] 2673770#2673770: *189221 access forbidden by rule, client: 39.48.192.76, server: casalcorp.com, request: "POST /xmlrpc.php HTTP/1.1", host: "casalcorp.com"
2026/06/19 06:47:07 [error] 2673770#2673770: *189221 access forbidden by rule, client: 39.48.192.76, server: casalcorp.com, request: "POST /xmlrpc.php HTTP/1.1", host: "casalcorp.com"
2026/06/19 06:47:18 [error] 2673770#2673770: *189221 access forbidden by rule, client: 39.48.192.76, server: casalcorp.com, request: "POST /xmlrpc.php HTTP/1.1", host: "casalcorp.com"
2026/06/19 06:47:28 [error] 2673770#2673770: *189221 access forbidden by rule, client: 39.48.192.76, server: casalcorp.com, request: "POST /xmlrpc.php HTTP/1.1", host: "casalcorp.com"
2026/06/19 06:47:39 [error] 2673770#2673770: *189221 access forbidden by rule, client: 39.48.192.76, server: casalcorp.com, request: "POST /xmlrpc.php HTTP/1.1", host: "casalcorp.com"
2026/06/19 06:47:50 [error] 2673770#2673770: *189221 access forbidden by rule, client: 39.48.192.76, server: casalcorp.com, request: "POST /xmlrpc.php HTTP/1.1", host: "casalcorp.com"
2026/06/19 06:48:00 [error] 2673770#2673770: *189221 access forbidden by rule, client: 39.48.192.76, server: casalcorp.com, request: "POST /xmlrpc.php HTTP/1.1", host: "casalcorp.com"
2026/06/19 06:48:11 [error] 2673770#2673770: *189221 access forbidden by rule, client: 39.48.192.76, server: casalcorp.com, request: "POST /xmlrpc.php HTTP/1.1", host: "casalcorp.com"
2026/06/19 06:48:21 [error] 2673770#2673770: *189221 access forbidden by rule, client: 39.48.192.76, server: casalcorp.com, request: "POST /xmlrpc.php HTTP/1.1", host: "casalcorp.com"
2026/06/19 06:48:32 [error] 2673770#2673770: *189221 access forbidden by rule, client: 39.48.192.76, server: casalcorp.com, request: "POST /xmlrpc.php HTTP/1.1", host: "casalcorp.com"
2026/06/19 06:48:36 [error] 2673770#2673770: *190543 access forbidden by rule, client: 188.240.191.168, server: astridglobal.co.uk, request: "GET /?author=1&feed=rss2 HTTP/1.1", host: "www.astridglobal.co.uk"
2026/06/19 06:48:36 [error] 2673770#2673770: *190546 access forbidden by rule, client: 162.254.36.150, server: astridglobal.co.uk, request: "GET /?author=2&feed=rss2 HTTP/1.1", host: "www.astridglobal.co.uk"
2026/06/19 06:48:40 [error] 2673770#2673770: *190576 access forbidden by rule, client: 78.128.43.246, server: astridglobal.co.uk, request: "GET /?author=3&feed=rss2 HTTP/1.1", host: "www.astridglobal.co.uk"
2026/06/19 06:48:43 [error] 2673770#2673770: *189221 access forbidden by rule, client: 39.48.192.76, server: casalcorp.com, request: "POST /xmlrpc.php HTTP/1.1", host: "casalcorp.com"
2026/06/19 06:48:48 [error] 2673770#2673770: *190619 access forbidden by rule, client: 185.176.8.77, server: astridglobal.co.uk, request: "GET /?author=5&feed=rss2 HTTP/1.1", host: "www.astridglobal.co.uk"
2026/06/19 06:48:53 [error] 2673770#2673770: *189221 access forbidden by rule, client: 39.48.192.76, server: casalcorp.com, request: "POST /xmlrpc.php HTTP/1.1", host: "casalcorp.com"
2026/06/19 06:49:04 [error] 2673770#2673770: *189221 access forbidden by rule, client: 39.48.192.76, server: casalcorp.com, request: "POST /xmlrpc.php HTTP/1.1", host: "casalcorp.com"
2026/06/19 06:49:15 [error] 2673770#2673770: *189221 access forbidden by rule, client: 39.48.192.76, server: casalcorp.com, request: "POST /xmlrpc.php HTTP/1.1", host: "casalcorp.com"
2026/06/19 06:49:25 [error] 2673770#2673770: *189221 access forbidden by rule, client: 39.48.192.76, server: casalcorp.com, request: "POST /xmlrpc.php HTTP/1.1", host: "casalcorp.com"
2026/06/19 06:49:36 [error] 2673770#2673770: *189221 access forbidden by rule, client: 39.48.192.76, server: casalcorp.com, request: "POST /xmlrpc.php HTTP/1.1", host: "casalcorp.com"
2026/06/19 06:49:46 [error] 2673770#2673770: *189221 access forbidden by rule, client: 39.48.192.76, server: casalcorp.com, request: "POST /xmlrpc.php HTTP/1.1", host: "casalcorp.com"
2026/06/19 06:49:57 [error] 2673770#2673770: *189221 access forbidden by rule, client: 39.48.192.76, server: casalcorp.com, request: "POST /xmlrpc.php HTTP/1.1", host: "casalcorp.com"
2026/06/19 06:50:07 [error] 2673770#2673770: *189221 access forbidden by rule, client: 39.48.192.76, server: casalcorp.com, request: "POST /xmlrpc.php HTTP/1.1", host: "casalcorp.com"
2026/06/19 06:50:18 [error] 2673770#2673770: *189221 access forbidden by rule, client: 39.48.192.76, server: casalcorp.com, request: "POST /xmlrpc.php HTTP/1.1", host: "casalcorp.com"
2026/06/19 06:50:28 [error] 2673770#2673770: *189221 access forbidden by rule, client: 39.48.192.76, server: casalcorp.com, request: "POST /xmlrpc.php HTTP/1.1", host: "casalcorp.com"
2026/06/19 06:50:37 [error] 2673770#2673770: *191626 access forbidden by rule, client: 103.154.176.224, server: astridglobal.co.uk, request: "GET /?author=5 HTTP/1.1", host: "www.astridglobal.co.uk"
2026/06/19 06:50:39 [error] 2673770#2673770: *189221 access forbidden by rule, client: 39.48.192.76, server: casalcorp.com, request: "POST /xmlrpc.php HTTP/1.1", host: "casalcorp.com"
2026/06/19 06:50:49 [error] 2673770#2673770: *189221 access forbidden by rule, client: 39.48.192.76, server: casalcorp.com, request: "POST /xmlrpc.php HTTP/1.1", host: "casalcorp.com"
2026/06/19 06:50:54 [error] 2673770#2673770: *191761 access forbidden by rule, client: 37.40.238.201, server: casalcorp.com, request: "POST /xmlrpc.php HTTP/1.1", host: "godswaymedia.com"
2026/06/19 06:51:00 [error] 2673770#2673770: *189221 access forbidden by rule, client: 39.48.192.76, server: casalcorp.com, request: "POST /xmlrpc.php HTTP/1.1", host: "casalcorp.com"
2026/06/19 06:51:03 [error] 2673770#2673770: *191761 access forbidden by rule, client: 37.40.238.201, server: casalcorp.com, request: "POST /xmlrpc.php HTTP/1.1", host: "godswaymedia.com"
2026/06/19 06:51:10 [error] 2673770#2673770: *189221 access forbidden by rule, client: 39.48.192.76, server: casalcorp.com, request: "POST /xmlrpc.php HTTP/1.1", host: "casalcorp.com"
2026/06/19 06:51:14 [error] 2673770#2673770: *191761 access forbidden by rule, client: 37.40.238.201, server: casalcorp.com, request: "POST /xmlrpc.php HTTP/1.1", host: "godswaymedia.com"
2026/06/19 06:51:17 [error] 2673770#2673770: *191536 access forbidden by rule, client: 162.254.36.150, server: astridglobal.co.uk, request: "POST /xmlrpc.php HTTP/1.1", host: "www.astridglobal.co.uk"
2026/06/19 06:51:21 [error] 2673770#2673770: *189221 access forbidden by rule, client: 39.48.192.76, server: casalcorp.com, request: "POST /xmlrpc.php HTTP/1.1", host: "casalcorp.com"
2026/06/19 06:51:25 [error] 2673770#2673770: *191761 access forbidden by rule, client: 37.40.238.201, server: casalcorp.com, request: "POST /xmlrpc.php HTTP/1.1", host: "godswaymedia.com"
2026/06/19 06:51:31 [error] 2673770#2673770: *189221 access forbidden by rule, client: 39.48.192.76, server: casalcorp.com, request: "POST /xmlrpc.php HTTP/1.1", host: "casalcorp.com"
2026/06/19 06:51:36 [error] 2673770#2673770: *191761 access forbidden by rule, client: 37.40.238.201, server: casalcorp.com, request: "POST /xmlrpc.php HTTP/1.1", host: "godswaymedia.com"
2026/06/19 06:51:42 [error] 2673770#2673770: *189221 access forbidden by rule, client: 39.48.192.76, server: casalcorp.com, request: "POST /xmlrpc.php HTTP/1.1", host: "casalcorp.com"
2026/06/19 06:51:47 [error] 2673770#2673770: *191761 access forbidden by rule, client: 37.40.238.201, server: casalcorp.com, request: "POST /xmlrpc.php HTTP/1.1", host: "godswaymedia.com"
2026/06/19 06:51:52 [error] 2673770#2673770: *189221 access forbidden by rule, client: 39.48.192.76, server: casalcorp.com, request: "POST /xmlrpc.php HTTP/1.1", host: "casalcorp.com"
2026/06/19 06:51:58 [error] 2673770#2673770: *191761 access forbidden by rule, client: 37.40.238.201, server: casalcorp.com, request: "POST /xmlrpc.php HTTP/1.1", host: "godswaymedia.com"
2026/06/19 06:52:03 [error] 2673770#2673770: *189221 access forbidden by rule, client: 39.48.192.76, server: casalcorp.com, request: "POST /xmlrpc.php HTTP/1.1", host: "casalcorp.com"
2026/06/19 06:52:09 [error] 2673770#2673770: *191761 access forbidden by rule, client: 37.40.238.201, server: casalcorp.com, request: "POST /xmlrpc.php HTTP/1.1", host: "godswaymedia.com"
2026/06/19 06:52:13 [error] 2673770#2673770: *189221 access forbidden by rule, client: 39.48.192.76, server: casalcorp.com, request: "POST /xmlrpc.php HTTP/1.1", host: "casalcorp.com"
2026/06/19 06:52:20 [error] 2673770#2673770: *191761 access forbidden by rule, client: 37.40.238.201, server: casalcorp.com, request: "POST /xmlrpc.php HTTP/1.1", host: "godswaymedia.com"
2026/06/19 06:52:24 [error] 2673770#2673770: *189221 access forbidden by rule, client: 39.48.192.76, server: casalcorp.com, request: "POST /xmlrpc.php HTTP/1.1", host: "casalcorp.com"
2026/06/19 06:52:31 [error] 2673770#2673770: *191761 access forbidden by rule, client: 37.40.238.201, server: casalcorp.com, request: "POST /xmlrpc.php HTTP/1.1", host: "godswaymedia.com"
2026/06/19 06:52:34 [error] 2673770#2673770: *189221 access forbidden by rule, client: 39.48.192.76, server: casalcorp.com, request: "POST /xmlrpc.php HTTP/1.1", host: "casalcorp.com"
2026/06/19 06:52:42 [error] 2673770#2673770: *191761 access forbidden by rule, client: 37.40.238.201, server: casalcorp.com, request: "POST /xmlrpc.php HTTP/1.1", host: "godswaymedia.com"
2026/06/19 06:52:44 [error] 2673770#2673770: *189221 access forbidden by rule, client: 39.48.192.76, server: casalcorp.com, request: "POST /xmlrpc.php HTTP/1.1", host: "casalcorp.com"
2026/06/19 06:52:54 [error] 2673770#2673770: *191761 access forbidden by rule, client: 37.40.238.201, server: casalcorp.com, request: "POST /xmlrpc.php HTTP/1.1", host: "godswaymedia.com"
2026/06/19 06:52:55 [error] 2673770#2673770: *189221 access forbidden by rule, client: 39.48.192.76, server: casalcorp.com, request: "POST /xmlrpc.php HTTP/1.1", host: "casalcorp.com"
2026/06/19 06:53:06 [error] 2673770#2673770: *189221 access forbidden by rule, client: 39.48.192.76, server: casalcorp.com, request: "POST /xmlrpc.php HTTP/1.1", host: "casalcorp.com"
2026/06/19 06:53:06 [error] 2673770#2673770: *191761 access forbidden by rule, client: 37.40.238.201, server: casalcorp.com, request: "POST /xmlrpc.php HTTP/1.1", host: "godswaymedia.com"
2026/06/19 06:53:16 [error] 2673770#2673770: *189221 access forbidden by rule, client: 39.48.192.76, server: casalcorp.com, request: "POST /xmlrpc.php HTTP/1.1", host: "casalcorp.com"
2026/06/19 06:53:17 [error] 2673770#2673770: *191761 access forbidden by rule, client: 37.40.238.201, server: casalcorp.com, request: "POST /xmlrpc.php HTTP/1.1", host: "godswaymedia.com"
2026/06/19 06:53:27 [error] 2673770#2673770: *189221 access forbidden by rule, client: 39.48.192.76, server: casalcorp.com, request: "POST /xmlrpc.php HTTP/1.1", host: "casalcorp.com"
2026/06/19 06:53:27 [error] 2673770#2673770: *191761 access forbidden by rule, client: 37.40.238.201, server: casalcorp.com, request: "POST /xmlrpc.php HTTP/1.1", host: "godswaymedia.com"
2026/06/19 06:53:37 [error] 2673770#2673770: *189221 access forbidden by rule, client: 39.48.192.76, server: casalcorp.com, request: "POST /xmlrpc.php HTTP/1.1", host: "casalcorp.com"
2026/06/19 06:53:38 [error] 2673770#2673770: *191761 access forbidden by rule, client: 37.40.238.201, server: casalcorp.com, request: "POST /xmlrpc.php HTTP/1.1", host: "godswaymedia.com"
2026/06/19 06:53:48 [error] 2673770#2673770: *189221 access forbidden by rule, client: 39.48.192.76, server: casalcorp.com, request: "POST /xmlrpc.php HTTP/1.1", host: "casalcorp.com"
2026/06/19 06:53:50 [error] 2673770#2673770: *191761 access forbidden by rule, client: 37.40.238.201, server: casalcorp.com, request: "POST /xmlrpc.php HTTP/1.1", host: "godswaymedia.com"
2026/06/19 06:53:58 [error] 2673770#2673770: *189221 access forbidden by rule, client: 39.48.192.76, server: casalcorp.com, request: "POST /xmlrpc.php HTTP/1.1", host: "casalcorp.com"
2026/06/19 06:54:01 [error] 2673770#2673770: *191761 access forbidden by rule, client: 37.40.238.201, server: casalcorp.com, request: "POST /xmlrpc.php HTTP/1.1", host: "godswaymedia.com"
2026/06/19 06:54:09 [error] 2673770#2673770: *189221 access forbidden by rule, client: 39.48.192.76, server: casalcorp.com, request: "POST /xmlrpc.php HTTP/1.1", host: "casalcorp.com"
2026/06/19 06:54:13 [error] 2673770#2673770: *191761 access forbidden by rule, client: 37.40.238.201, server: casalcorp.com, request: "POST /xmlrpc.php HTTP/1.1", host: "godswaymedia.com"
2026/06/19 06:54:19 [error] 2673770#2673770: *189221 access forbidden by rule, client: 39.48.192.76, server: casalcorp.com, request: "POST /xmlrpc.php HTTP/1.1", host: "casalcorp.com"
2026/06/19 06:54:24 [error] 2673770#2673770: *191761 access forbidden by rule, client: 37.40.238.201, server: casalcorp.com, request: "POST /xmlrpc.php HTTP/1.1", host: "godswaymedia.com"
2026/06/19 06:54:30 [error] 2673770#2673770: *189221 access forbidden by rule, client: 39.48.192.76, server: casalcorp.com, request: "POST /xmlrpc.php HTTP/1.1", host: "casalcorp.com"
2026/06/19 06:54:34 [error] 2673770#2673770: *191761 access forbidden by rule, client: 37.40.238.201, server: casalcorp.com, request: "POST /xmlrpc.php HTTP/1.1", host: "godswaymedia.com"
2026/06/19 06:54:40 [error] 2673770#2673770: *189221 access forbidden by rule, client: 39.48.192.76, server: casalcorp.com, request: "POST /xmlrpc.php HTTP/1.1", host: "casalcorp.com"
2026/06/19 06:54:45 [error] 2673770#2673770: *191761 access forbidden by rule, client: 37.40.238.201, server: casalcorp.com, request: "POST /xmlrpc.php HTTP/1.1", host: "godswaymedia.com"
2026/06/19 06:54:51 [error] 2673770#2673770: *189221 access forbidden by rule, client: 39.48.192.76, server: casalcorp.com, request: "POST /xmlrpc.php HTTP/1.1", host: "casalcorp.com"
2026/06/19 06:54:56 [error] 2673770#2673770: *191761 access forbidden by rule, client: 37.40.238.201, server: casalcorp.com, request: "POST /xmlrpc.php HTTP/1.1", host: "godswaymedia.com"
2026/06/19 06:55:01 [error] 2673770#2673770: *189221 access forbidden by rule, client: 39.48.192.76, server: casalcorp.com, request: "POST /xmlrpc.php HTTP/1.1", host: "casalcorp.com"
2026/06/19 06:55:07 [error] 2673770#2673770: *191761 access forbidden by rule, client: 37.40.238.201, server: casalcorp.com, request: "POST /xmlrpc.php HTTP/1.1", host: "godswaymedia.com"
2026/06/19 06:55:12 [error] 2673770#2673770: *189221 access forbidden by rule, client: 39.48.192.76, server: casalcorp.com, request: "POST /xmlrpc.php HTTP/1.1", host: "casalcorp.com"
2026/06/19 06:55:18 [error] 2673770#2673770: *191761 access forbidden by rule, client: 37.40.238.201, server: casalcorp.com, request: "POST /xmlrpc.php HTTP/1.1", host: "godswaymedia.com"
2026/06/19 06:55:22 [error] 2673770#2673770: *189221 access forbidden by rule, client: 39.48.192.76, server: casalcorp.com, request: "POST /xmlrpc.php HTTP/1.1", host: "casalcorp.com"
2026/06/19 06:55:29 [error] 2673770#2673770: *191761 access forbidden by rule, client: 37.40.238.201, server: casalcorp.com, request: "POST /xmlrpc.php HTTP/1.1", host: "godswaymedia.com"
2026/06/19 06:55:33 [error] 2673770#2673770: *189221 access forbidden by rule, client: 39.48.192.76, server: casalcorp.com, request: "POST /xmlrpc.php HTTP/1.1", host: "casalcorp.com"
2026/06/19 06:55:40 [error] 2673770#2673770: *191761 access forbidden by rule, client: 37.40.238.201, server: casalcorp.com, request: "POST /xmlrpc.php HTTP/1.1", host: "godswaymedia.com"
2026/06/19 06:55:43 [error] 2673770#2673770: *189221 access forbidden by rule, client: 39.48.192.76, server: casalcorp.com, request: "POST /xmlrpc.php HTTP/1.1", host: "casalcorp.com"
2026/06/19 06:55:50 [error] 2673770#2673770: *191761 access forbidden by rule, client: 37.40.238.201, server: casalcorp.com, request: "POST /xmlrpc.php HTTP/1.1", host: "godswaymedia.com"
2026/06/19 06:55:54 [error] 2673770#2673770: *189221 access forbidden by rule, client: 39.48.192.76, server: casalcorp.com, request: "POST /xmlrpc.php HTTP/1.1", host: "casalcorp.com"
2026/06/19 06:56:01 [error] 2673770#2673770: *191761 access forbidden by rule, client: 37.40.238.201, server: casalcorp.com, request: "POST /xmlrpc.php HTTP/1.1", host: "godswaymedia.com"
2026/06/19 06:56:04 [error] 2673770#2673770: *189221 access forbidden by rule, client: 39.48.192.76, server: casalcorp.com, request: "POST /xmlrpc.php HTTP/1.1", host: "casalcorp.com"
2026/06/19 06:56:12 [error] 2673770#2673770: *191761 access forbidden by rule, client: 37.40.238.201, server: casalcorp.com, request: "POST /xmlrpc.php HTTP/1.1", host: "godswaymedia.com"
2026/06/19 06:56:15 [error] 2673770#2673770: *189221 access forbidden by rule, client: 39.48.192.76, server: casalcorp.com, request: "POST /xmlrpc.php HTTP/1.1", host: "casalcorp.com"
