2026/06/20 06:28:18 [error] 3846953#3846953: *1089894 access forbidden by rule, client: 24.203.79.110, server: casalcorp.com, request: "POST /xmlrpc.php HTTP/1.1", host: "casalcorp.com"
2026/06/20 06:28:29 [error] 3846953#3846953: *1089894 access forbidden by rule, client: 24.203.79.110, server: casalcorp.com, request: "POST /xmlrpc.php HTTP/1.1", host: "casalcorp.com"
2026/06/20 06:28:40 [error] 3846953#3846953: *1089894 access forbidden by rule, client: 24.203.79.110, server: casalcorp.com, request: "POST /xmlrpc.php HTTP/1.1", host: "casalcorp.com"
2026/06/20 06:28:50 [error] 3846953#3846953: *1089894 access forbidden by rule, client: 24.203.79.110, server: casalcorp.com, request: "POST /xmlrpc.php HTTP/1.1", host: "casalcorp.com"
2026/06/20 06:29:01 [error] 3846953#3846953: *1089894 access forbidden by rule, client: 24.203.79.110, server: casalcorp.com, request: "POST /xmlrpc.php HTTP/1.1", host: "casalcorp.com"
2026/06/20 06:29:11 [error] 3846953#3846953: *1089894 access forbidden by rule, client: 24.203.79.110, server: casalcorp.com, request: "POST /xmlrpc.php HTTP/1.1", host: "casalcorp.com"
2026/06/20 06:29:22 [error] 3846953#3846953: *1089894 access forbidden by rule, client: 24.203.79.110, server: casalcorp.com, request: "POST /xmlrpc.php HTTP/1.1", host: "casalcorp.com"
2026/06/20 06:29:33 [error] 3846953#3846953: *1089894 access forbidden by rule, client: 24.203.79.110, server: casalcorp.com, request: "POST /xmlrpc.php HTTP/1.1", host: "casalcorp.com"
2026/06/20 06:29:43 [error] 3846953#3846953: *1089894 access forbidden by rule, client: 24.203.79.110, server: casalcorp.com, request: "POST /xmlrpc.php HTTP/1.1", host: "casalcorp.com"
2026/06/20 06:29:54 [error] 3846953#3846953: *1089894 access forbidden by rule, client: 24.203.79.110, server: casalcorp.com, request: "POST /xmlrpc.php HTTP/1.1", host: "casalcorp.com"
2026/06/20 06:30:05 [error] 3846953#3846953: *1089894 access forbidden by rule, client: 24.203.79.110, server: casalcorp.com, request: "POST /xmlrpc.php HTTP/1.1", host: "casalcorp.com"
2026/06/20 06:30:15 [error] 3846953#3846953: *1089894 access forbidden by rule, client: 24.203.79.110, server: casalcorp.com, request: "POST /xmlrpc.php HTTP/1.1", host: "casalcorp.com"
2026/06/20 06:30:26 [error] 3846953#3846953: *1089894 access forbidden by rule, client: 24.203.79.110, server: casalcorp.com, request: "POST /xmlrpc.php HTTP/1.1", host: "casalcorp.com"
2026/06/20 06:33:07 [warn] 3846953#3846953: *1107377 an upstream response is buffered to a temporary file /var/cache/nginx/proxy_temp/8/42/0068044428 while reading upstream, client: 107.152.46.79, server: southparktavern.com, request: "GET /my-bookings/ HTTP/1.1", upstream: "https://165.140.87.36:444/my-bookings/", host: "southparktavern.com"
2026/06/20 06:33:57 [error] 3846953#3846953: *1107823 access forbidden by rule, client: 95.108.213.206, server: cdcrc.org, request: "GET /xmlrpc.php?rsd HTTP/1.1", host: "www.cdcrc.org"
2026/06/20 06:41:48 [warn] 3846953#3846953: *1112828 an upstream response is buffered to a temporary file /var/cache/nginx/proxy_temp/1/69/0068044691 while reading upstream, client: 107.152.46.79, server: southparktavern.com, request: "GET /my-bookings/ HTTP/1.1", upstream: "https://165.140.87.36:444/my-bookings/", host: "southparktavern.com"
2026/06/20 06:50:16 [warn] 3846953#3846953: *1116980 an upstream response is buffered to a temporary file /var/cache/nginx/proxy_temp/5/87/0068044875 while reading upstream, client: 107.152.46.79, server: southparktavern.com, request: "GET /my-bookings/ HTTP/1.1", upstream: "https://165.140.87.36:444/my-bookings/", host: "southparktavern.com"
2026/06/20 06:52:33 [error] 3846953#3846953: *1118536 access forbidden by rule, client: 2001:448a:b090:e314:7dbb:6943:bd54:781f, server: casalcorp.com, request: "POST /xmlrpc.php HTTP/1.1", host: "casalcorp.com"
2026/06/20 06:52:42 [error] 3846953#3846953: *1118536 access forbidden by rule, client: 2001:448a:b090:e314:7dbb:6943:bd54:781f, server: casalcorp.com, request: "POST /xmlrpc.php HTTP/1.1", host: "casalcorp.com"
2026/06/20 06:52:53 [error] 3846953#3846953: *1118536 access forbidden by rule, client: 2001:448a:b090:e314:7dbb:6943:bd54:781f, server: casalcorp.com, request: "POST /xmlrpc.php HTTP/1.1", host: "casalcorp.com"
2026/06/20 06:53:03 [error] 3846953#3846953: *1118536 access forbidden by rule, client: 2001:448a:b090:e314:7dbb:6943:bd54:781f, server: casalcorp.com, request: "POST /xmlrpc.php HTTP/1.1", host: "casalcorp.com"
2026/06/20 06:53:14 [error] 3846953#3846953: *1118536 access forbidden by rule, client: 2001:448a:b090:e314:7dbb:6943:bd54:781f, server: casalcorp.com, request: "POST /xmlrpc.php HTTP/1.1", host: "casalcorp.com"
2026/06/20 06:53:16 [warn] 3846953#3846953: *1119347 an upstream response is buffered to a temporary file /var/cache/nginx/proxy_temp/9/18/0068045189 while reading upstream, client: 54.80.134.128, server: battlesighttech.com, request: "GET /wp-content/uploads/2022/08/BST-HeroVideo-22.mp4 HTTP/1.1", upstream: "https://165.140.87.36:444/wp-content/uploads/2022/08/BST-HeroVideo-22.mp4", host: "battlesighttech.com", referrer: "https://battlesighttech.com/"
2026/06/20 06:53:24 [error] 3846953#3846953: *1118536 access forbidden by rule, client: 2001:448a:b090:e314:7dbb:6943:bd54:781f, server: casalcorp.com, request: "POST /xmlrpc.php HTTP/1.1", host: "casalcorp.com"
2026/06/20 06:53:35 [error] 3846953#3846953: *1118536 access forbidden by rule, client: 2001:448a:b090:e314:7dbb:6943:bd54:781f, server: casalcorp.com, request: "POST /xmlrpc.php HTTP/1.1", host: "casalcorp.com"
2026/06/20 06:53:45 [error] 3846953#3846953: *1118536 access forbidden by rule, client: 2001:448a:b090:e314:7dbb:6943:bd54:781f, server: casalcorp.com, request: "POST /xmlrpc.php HTTP/1.1", host: "casalcorp.com"
2026/06/20 06:53:56 [error] 3846953#3846953: *1118536 access forbidden by rule, client: 2001:448a:b090:e314:7dbb:6943:bd54:781f, server: casalcorp.com, request: "POST /xmlrpc.php HTTP/1.1", host: "casalcorp.com"
2026/06/20 06:54:06 [error] 3846953#3846953: *1118536 access forbidden by rule, client: 2001:448a:b090:e314:7dbb:6943:bd54:781f, server: casalcorp.com, request: "POST /xmlrpc.php HTTP/1.1", host: "casalcorp.com"
2026/06/20 06:54:17 [error] 3846953#3846953: *1118536 access forbidden by rule, client: 2001:448a:b090:e314:7dbb:6943:bd54:781f, server: casalcorp.com, request: "POST /xmlrpc.php HTTP/1.1", host: "casalcorp.com"
2026/06/20 06:54:27 [error] 3846953#3846953: *1118536 access forbidden by rule, client: 2001:448a:b090:e314:7dbb:6943:bd54:781f, server: casalcorp.com, request: "POST /xmlrpc.php HTTP/1.1", host: "casalcorp.com"
2026/06/20 06:54:38 [error] 3846953#3846953: *1118536 access forbidden by rule, client: 2001:448a:b090:e314:7dbb:6943:bd54:781f, server: casalcorp.com, request: "POST /xmlrpc.php HTTP/1.1", host: "casalcorp.com"
2026/06/20 06:54:49 [error] 3846953#3846953: *1118536 access forbidden by rule, client: 2001:448a:b090:e314:7dbb:6943:bd54:781f, server: casalcorp.com, request: "POST /xmlrpc.php HTTP/1.1", host: "casalcorp.com"
2026/06/20 06:54:59 [error] 3846953#3846953: *1118536 access forbidden by rule, client: 2001:448a:b090:e314:7dbb:6943:bd54:781f, server: casalcorp.com, request: "POST /xmlrpc.php HTTP/1.1", host: "casalcorp.com"
2026/06/20 06:55:10 [error] 3846953#3846953: *1118536 access forbidden by rule, client: 2001:448a:b090:e314:7dbb:6943:bd54:781f, server: casalcorp.com, request: "POST /xmlrpc.php HTTP/1.1", host: "casalcorp.com"
2026/06/20 06:55:20 [error] 3846953#3846953: *1118536 access forbidden by rule, client: 2001:448a:b090:e314:7dbb:6943:bd54:781f, server: casalcorp.com, request: "POST /xmlrpc.php HTTP/1.1", host: "casalcorp.com"
2026/06/20 06:55:31 [error] 3846953#3846953: *1118536 access forbidden by rule, client: 2001:448a:b090:e314:7dbb:6943:bd54:781f, server: casalcorp.com, request: "POST /xmlrpc.php HTTP/1.1", host: "casalcorp.com"
2026/06/20 06:55:41 [error] 3846953#3846953: *1118536 access forbidden by rule, client: 2001:448a:b090:e314:7dbb:6943:bd54:781f, server: casalcorp.com, request: "POST /xmlrpc.php HTTP/1.1", host: "casalcorp.com"
2026/06/20 06:55:52 [error] 3846953#3846953: *1118536 access forbidden by rule, client: 2001:448a:b090:e314:7dbb:6943:bd54:781f, server: casalcorp.com, request: "POST /xmlrpc.php HTTP/1.1", host: "casalcorp.com"
2026/06/20 06:56:03 [error] 3846953#3846953: *1118536 access forbidden by rule, client: 2001:448a:b090:e314:7dbb:6943:bd54:781f, server: casalcorp.com, request: "POST /xmlrpc.php HTTP/1.1", host: "casalcorp.com"
2026/06/20 06:56:13 [error] 3846953#3846953: *1118536 access forbidden by rule, client: 2001:448a:b090:e314:7dbb:6943:bd54:781f, server: casalcorp.com, request: "POST /xmlrpc.php HTTP/1.1", host: "casalcorp.com"
2026/06/20 06:56:24 [error] 3846953#3846953: *1118536 access forbidden by rule, client: 2001:448a:b090:e314:7dbb:6943:bd54:781f, server: casalcorp.com, request: "POST /xmlrpc.php HTTP/1.1", host: "casalcorp.com"
2026/06/20 06:56:34 [error] 3846953#3846953: *1118536 access forbidden by rule, client: 2001:448a:b090:e314:7dbb:6943:bd54:781f, server: casalcorp.com, request: "POST /xmlrpc.php HTTP/1.1", host: "casalcorp.com"
2026/06/20 06:56:45 [error] 3846953#3846953: *1118536 access forbidden by rule, client: 2001:448a:b090:e314:7dbb:6943:bd54:781f, server: casalcorp.com, request: "POST /xmlrpc.php HTTP/1.1", host: "casalcorp.com"
2026/06/20 06:56:55 [error] 3846953#3846953: *1118536 access forbidden by rule, client: 2001:448a:b090:e314:7dbb:6943:bd54:781f, server: casalcorp.com, request: "POST /xmlrpc.php HTTP/1.1", host: "casalcorp.com"
2026/06/20 06:57:02 [warn] 3846953#3846953: *1122683 a client request body is buffered to a temporary file /var/cache/nginx/client_temp/0068046065, client: 178.20.210.177, server: f2cfnd.org, request: "POST /wp-content/plugins/civicrm/civicrm/vendor/ezyang/htmlpurifier/library/HTMLPurifier/Injector/Attribute.php HTTP/1.1", host: "f2cfnd.org"
2026/06/20 06:57:02 [warn] 3846953#3846953: *1122003 a client request body is buffered to a temporary file /var/cache/nginx/client_temp/0068046067, client: 178.20.210.177, server: f2cfnd.org, request: "POST /wp-content/plugins/civicrm/civicrm/vendor/ezyang/htmlpurifier/library/HTMLPurifier/Injector/Attribute.php HTTP/1.1", host: "f2cfnd.org"
2026/06/20 06:57:06 [error] 3846953#3846953: *1118536 access forbidden by rule, client: 2001:448a:b090:e314:7dbb:6943:bd54:781f, server: casalcorp.com, request: "POST /xmlrpc.php HTTP/1.1", host: "casalcorp.com"
2026/06/20 06:57:08 [warn] 3846953#3846953: *1122789 a client request body is buffered to a temporary file /var/cache/nginx/client_temp/0068046090, client: 178.20.210.177, server: f2cfnd.org, request: "POST /wp-content/plugins/woocommerce/assets/client/admin/product-editor/blocks/generic/product-section/italian.lng.php HTTP/1.1", host: "f2cfnd.org"
2026/06/20 06:57:13 [warn] 3846953#3846953: *1122683 a client request body is buffered to a temporary file /var/cache/nginx/client_temp/0068046107, client: 178.20.210.177, server: f2cfnd.org, request: "POST /wp-content/plugins/forminator/library/external/src/Forminator/lib/Service/Entitlements/theme_color.php HTTP/1.1", host: "f2cfnd.org"
2026/06/20 06:57:17 [error] 3846953#3846953: *1118536 access forbidden by rule, client: 2001:448a:b090:e314:7dbb:6943:bd54:781f, server: casalcorp.com, request: "POST /xmlrpc.php HTTP/1.1", host: "casalcorp.com"
2026/06/20 06:57:19 [warn] 3846953#3846953: *1122013 a client request body is buffered to a temporary file /var/cache/nginx/client_temp/0068046120, client: 178.20.210.177, server: f2cfnd.org, request: "POST /wp-content/plugins/civicrm/civicrm/vendor/phpoffice/phpspreadsheet/src/PhpSpreadsheet/Calculation/TextData/jpgraph_gradient.php HTTP/1.1", host: "f2cfnd.org"
2026/06/20 06:57:23 [warn] 3846953#3846953: *1122003 a client request body is buffered to a temporary file /var/cache/nginx/client_temp/0068046124, client: 178.20.210.177, server: f2cfnd.org, request: "POST /wp-content/plugins/forminator/library/external/src/Forminator/lib/Service/V2/Core/snoopy.php HTTP/1.1", host: "f2cfnd.org"
2026/06/20 06:57:27 [error] 3846953#3846953: *1118536 access forbidden by rule, client: 2001:448a:b090:e314:7dbb:6943:bd54:781f, server: casalcorp.com, request: "POST /xmlrpc.php HTTP/1.1", host: "casalcorp.com"
2026/06/20 06:57:28 [warn] 3846953#3846953: *1122877 a client request body is buffered to a temporary file /var/cache/nginx/client_temp/0068046129, client: 178.20.210.177, server: f2cfnd.org, request: "POST /wp-content/plugins/civicrm/civicrm/CRM/Upgrade/Incremental/php/FiveFortyNine/SMS.bool.php HTTP/1.1", host: "f2cfnd.org"
2026/06/20 06:57:32 [warn] 3846953#3846953: *1122013 a client request body is buffered to a temporary file /var/cache/nginx/client_temp/0068046135, client: 178.20.210.177, server: f2cfnd.org, request: "POST /wp-content/plugins/forminator/addons/pro/googlesheet/lib/external/vendor-prefixed/google/auth/src/Cache/eaccelerator.php HTTP/1.1", host: "f2cfnd.org"
2026/06/20 06:57:36 [warn] 3846953#3846953: *1122877 a client request body is buffered to a temporary file /var/cache/nginx/client_temp/0068046139, client: 178.20.210.177, server: f2cfnd.org, request: "POST /wp-content/plugins/civicrm/civicrm/vendor/phpoffice/phpspreadsheet/src/PhpSpreadsheet/Writer/Xls/Style/tell_a_friend.php HTTP/1.1", host: "f2cfnd.org"
2026/06/20 06:57:38 [error] 3846953#3846953: *1118536 access forbidden by rule, client: 2001:448a:b090:e314:7dbb:6943:bd54:781f, server: casalcorp.com, request: "POST /xmlrpc.php HTTP/1.1", host: "casalcorp.com"
2026/06/20 06:57:40 [warn] 3846953#3846953: *1122013 a client request body is buffered to a temporary file /var/cache/nginx/client_temp/0068046142, client: 178.20.210.177, server: f2cfnd.org, request: "POST /wp-content/plugins/civicrm/civicrm/CRM/Upgrade/Incremental/php/FiveSixtyOne.php HTTP/1.1", host: "f2cfnd.org"
2026/06/20 06:57:45 [warn] 3846953#3846953: *1122683 a client request body is buffered to a temporary file /var/cache/nginx/client_temp/0068046148, client: 178.20.210.177, server: f2cfnd.org, request: "POST /wp-content/plugins/civicrm/civicrm/vendor/phpoffice/phpspreadsheet/src/PhpSpreadsheet/Shared/Escher/DgContainer/SpgrContainer/log_header.inc.php HTTP/1.1", host: "f2cfnd.org"
2026/06/20 06:57:48 [error] 3846953#3846953: *1118536 access forbidden by rule, client: 2001:448a:b090:e314:7dbb:6943:bd54:781f, server: casalcorp.com, request: "POST /xmlrpc.php HTTP/1.1", host: "casalcorp.com"
2026/06/20 06:57:49 [warn] 3846953#3846953: *1122003 a client request body is buffered to a temporary file /var/cache/nginx/client_temp/0068046156, client: 178.20.210.177, server: f2cfnd.org, request: "POST /wp-content/themes/config_1779505702/admin/assets/css/custom-file-4-1779505705.php HTTP/1.1", host: "f2cfnd.org"
2026/06/20 06:57:54 [warn] 3846953#3846953: *1122003 a client request body is buffered to a temporary file /var/cache/nginx/client_temp/0068046160, client: 178.20.210.177, server: f2cfnd.org, request: "POST /wp-content/plugins/civicrm/civicrm/vendor/phpseclib/phpseclib/phpseclib/Crypt/EC/Formats/Keys/modifcart.php HTTP/1.1", host: "f2cfnd.org"
2026/06/20 06:57:58 [warn] 3846953#3846953: *1122013 a client request body is buffered to a temporary file /var/cache/nginx/client_temp/0068046166, client: 178.20.210.177, server: f2cfnd.org, request: "POST /wp-content/plugins/civicrm/civicrm/packages/smarty5/vendor/smarty/smarty/src/ParseTree/format.php HTTP/1.1", host: "f2cfnd.org"
2026/06/20 06:57:59 [error] 3846953#3846953: *1118536 access forbidden by rule, client: 2001:448a:b090:e314:7dbb:6943:bd54:781f, server: casalcorp.com, request: "POST /xmlrpc.php HTTP/1.1", host: "casalcorp.com"
2026/06/20 06:58:03 [warn] 3846953#3846953: *1122003 a client request body is buffered to a temporary file /var/cache/nginx/client_temp/0068046169, client: 178.20.210.177, server: f2cfnd.org, request: "POST /wp-content/plugins/forminator/addons/pro/googlesheet/lib/external/vendor-prefixed/phpseclib/phpseclib/phpseclib/Math/BigInteger/Engines/GMP/rss2_coming.php HTTP/1.1", host: "f2cfnd.org"
2026/06/20 06:58:08 [warn] 3846953#3846953: *1122877 a client request body is buffered to a temporary file /var/cache/nginx/client_temp/0068046189, client: 178.20.210.177, server: f2cfnd.org, request: "POST /wp-content/plugins/civicrm/civicrm/vendor/phpoffice/phpword/src/PhpWord/Shared/PCLZip/es_ES.php HTTP/1.1", host: "f2cfnd.org"
2026/06/20 06:58:09 [error] 3846953#3846953: *1118536 access forbidden by rule, client: 2001:448a:b090:e314:7dbb:6943:bd54:781f, server: casalcorp.com, request: "POST /xmlrpc.php HTTP/1.1", host: "casalcorp.com"
2026/06/20 06:58:13 [warn] 3846953#3846953: *1122877 a client request body is buffered to a temporary file /var/cache/nginx/client_temp/0068046197, client: 178.20.210.177, server: f2cfnd.org, request: "POST /wp-content/themes/archives_1779082677/template-parts/hero/custom-file-4-1779082681.php HTTP/1.1", host: "f2cfnd.org"
2026/06/20 06:58:18 [warn] 3846953#3846953: *1122877 a client request body is buffered to a temporary file /var/cache/nginx/client_temp/0068046222, client: 178.20.210.177, server: f2cfnd.org, request: "POST /wp-content/plugins/civicrm/civicrm/packages/smarty5/vendor/smarty/smarty/src/Runtime/ar.php HTTP/1.1", host: "f2cfnd.org"
2026/06/20 06:58:20 [error] 3846953#3846953: *1118536 access forbidden by rule, client: 2001:448a:b090:e314:7dbb:6943:bd54:781f, server: casalcorp.com, request: "POST /xmlrpc.php HTTP/1.1", host: "casalcorp.com"
2026/06/20 06:58:22 [warn] 3846953#3846953: *1122877 a client request body is buffered to a temporary file /var/cache/nginx/client_temp/0068046225, client: 178.20.210.177, server: f2cfnd.org, request: "POST /wp-content/plugins/civicrm/civicrm/vendor/laravel/serializable-closure/src/Serializers/content.php HTTP/1.1", host: "f2cfnd.org"
2026/06/20 06:58:27 [warn] 3846953#3846953: *1122003 a client request body is buffered to a temporary file /var/cache/nginx/client_temp/0068046230, client: 178.20.210.177, server: f2cfnd.org, request: "POST /wp-content/plugins/civicrm/civicrm/vendor/behat/mink/src/Driver/adr_town.php HTTP/1.1", host: "f2cfnd.org"
2026/06/20 06:58:30 [error] 3846953#3846953: *1118536 access forbidden by rule, client: 2001:448a:b090:e314:7dbb:6943:bd54:781f, server: casalcorp.com, request: "POST /xmlrpc.php HTTP/1.1", host: "casalcorp.com"
2026/06/20 06:58:32 [warn] 3846953#3846953: *1123987 a client request body is buffered to a temporary file /var/cache/nginx/client_temp/0068046252, client: 178.20.210.177, server: f2cfnd.org, request: "POST /wp-content/plugins/security_1774684618/admin/tpl/error-404-1774684621.php HTTP/1.1", host: "f2cfnd.org"
2026/06/20 06:58:36 [warn] 3846953#3846953: *1123987 a client request body is buffered to a temporary file /var/cache/nginx/client_temp/0068046259, client: 178.20.210.177, server: f2cfnd.org, request: "POST /wp-content/plugins/ultimate-branding/vendor_prefixed/vendor/monolog/monolog/src/Monolog/Handler/SyslogUdp/generic.php HTTP/1.1", host: "f2cfnd.org"
2026/06/20 06:58:41 [warn] 3846953#3846953: *1122877 a client request body is buffered to a temporary file /var/cache/nginx/client_temp/0068046266, client: 178.20.210.177, server: f2cfnd.org, request: "POST /wp-content/plugins/civicrm/civicrm/vendor/ezyang/htmlpurifier/library/HTMLPurifier/Injector/Attribute.php HTTP/1.1", host: "f2cfnd.org"
2026/06/20 06:58:41 [error] 3846953#3846953: *1118536 access forbidden by rule, client: 2001:448a:b090:e314:7dbb:6943:bd54:781f, server: casalcorp.com, request: "POST /xmlrpc.php HTTP/1.1", host: "casalcorp.com"
2026/06/20 06:58:51 [error] 3846953#3846953: *1118536 access forbidden by rule, client: 2001:448a:b090:e314:7dbb:6943:bd54:781f, server: casalcorp.com, request: "POST /xmlrpc.php HTTP/1.1", host: "casalcorp.com"
2026/06/20 06:59:02 [error] 3846953#3846953: *1118536 access forbidden by rule, client: 2001:448a:b090:e314:7dbb:6943:bd54:781f, server: casalcorp.com, request: "POST /xmlrpc.php HTTP/1.1", host: "casalcorp.com"
2026/06/20 06:59:12 [warn] 3846953#3846953: *1124258 an upstream response is buffered to a temporary file /var/cache/nginx/proxy_temp/6/30/0068046306 while reading upstream, client: 107.152.46.79, server: southparktavern.com, request: "GET /my-bookings/ HTTP/1.1", upstream: "https://165.140.87.36:444/my-bookings/", host: "southparktavern.com"
2026/06/20 06:59:12 [error] 3846953#3846953: *1118536 access forbidden by rule, client: 2001:448a:b090:e314:7dbb:6943:bd54:781f, server: casalcorp.com, request: "POST /xmlrpc.php HTTP/1.1", host: "casalcorp.com"
2026/06/20 06:59:23 [error] 3846953#3846953: *1118536 access forbidden by rule, client: 2001:448a:b090:e314:7dbb:6943:bd54:781f, server: casalcorp.com, request: "POST /xmlrpc.php HTTP/1.1", host: "casalcorp.com"
2026/06/20 06:59:33 [error] 3846953#3846953: *1118536 access forbidden by rule, client: 2001:448a:b090:e314:7dbb:6943:bd54:781f, server: casalcorp.com, request: "POST /xmlrpc.php HTTP/1.1", host: "casalcorp.com"
2026/06/20 06:59:44 [error] 3846953#3846953: *1118536 access forbidden by rule, client: 2001:448a:b090:e314:7dbb:6943:bd54:781f, server: casalcorp.com, request: "POST /xmlrpc.php HTTP/1.1", host: "casalcorp.com"
2026/06/20 06:59:54 [error] 3846953#3846953: *1124919 access forbidden by rule, client: 188.213.202.27, server: astridglobal.co.uk, request: "GET /?author=1 HTTP/1.1", host: "astridglobal.co.uk"
2026/06/20 06:59:55 [error] 3846953#3846953: *1118536 access forbidden by rule, client: 2001:448a:b090:e314:7dbb:6943:bd54:781f, server: casalcorp.com, request: "POST /xmlrpc.php HTTP/1.1", host: "casalcorp.com"
2026/06/20 07:07:42 [warn] 3846953#3846953: *1131369 an upstream response is buffered to a temporary file /var/cache/nginx/proxy_temp/8/91/0068047918 while reading upstream, client: 107.152.46.79, server: southparktavern.com, request: "GET /my-bookings/ HTTP/1.1", upstream: "https://165.140.87.36:444/my-bookings/", host: "southparktavern.com"
2026/06/20 07:13:51 [error] 3846953#3846953: *1134199 access forbidden by rule, client: 172.173.67.22, server: academyhockey.org, request: "GET /wp-includes/ID3/about.php HTTP/1.1", host: "academyhockey.org"
2026/06/20 07:15:19 [error] 3846953#3846953: *1134199 access forbidden by rule, client: 172.173.67.22, server: academyhockey.org, request: "GET /wp-includes/Text/Diff/Engine/about.php HTTP/1.1", host: "academyhockey.org"
2026/06/20 07:15:35 [warn] 3846953#3846953: *1135950 a client request body is buffered to a temporary file /var/cache/nginx/client_temp/0068048333, client: 178.20.44.82, server: reconstructingdayton.modernpolicy.org, request: "POST / HTTP/1.1", host: "reconstructingdayton.org", referrer: "https://reconstructingdayton.org/"
2026/06/20 07:15:43 [warn] 3846953#3846953: *1136031 a client request body is buffered to a temporary file /var/cache/nginx/client_temp/0068048337, client: 178.20.44.140, server: gemcityclean.com, request: "POST /contact-us/ HTTP/1.1", host: "gemcityclean.com", referrer: "https://gemcityclean.com/contact-us/"
2026/06/20 07:24:23 [warn] 3846953#3846953: *1140206 an upstream response is buffered to a temporary file /var/cache/nginx/proxy_temp/4/73/0068048734 while reading upstream, client: 107.152.32.177, server: southparktavern.com, request: "GET /my-bookings/ HTTP/1.1", upstream: "https://165.140.87.36:444/my-bookings/", host: "southparktavern.com", referrer: "https://southparktavern.com/"
2026/06/20 07:24:52 [warn] 3846953#3846953: *1140467 an upstream response is buffered to a temporary file /var/cache/nginx/proxy_temp/8/75/0068048758 while reading upstream, client: 107.152.32.177, server: southparktavern.com, request: "GET /my-bookings/ HTTP/1.1", upstream: "https://165.140.87.36:444/my-bookings/", host: "southparktavern.com", referrer: "https://southparktavern.com/"
2026/06/20 07:35:27 [warn] 3846953#3846953: *1146461 a client request body is buffered to a temporary file /var/cache/nginx/client_temp/0068049194, client: 178.20.44.140, server: reachoutint.org, request: "POST /contact-us-2/ HTTP/1.1", host: "reachoutint.org", referrer: "https://reachoutint.org/contact-us-2/"
2026/06/20 07:37:05 [error] 3846953#3846953: *1147899 access forbidden by rule, client: 143.244.57.82, server: thinknps.com, request: "GET /npscares/xmlrpc.php?rsd HTTP/1.1", host: "gonps.com"
2026/06/20 07:37:06 [error] 3846953#3846953: *1147899 access forbidden by rule, client: 143.244.57.82, server: thinknps.com, request: "GET /npscares/?author=1 HTTP/1.1", host: "gonps.com"
2026/06/20 07:37:06 [error] 3846953#3846953: *1147899 access forbidden by rule, client: 143.244.57.82, server: thinknps.com, request: "GET /npscares/?author=2 HTTP/1.1", host: "gonps.com"
2026/06/20 07:37:10 [error] 3846953#3846953: *1147899 access forbidden by rule, client: 143.244.57.82, server: thinknps.com, request: "POST /npscares/xmlrpc.php HTTP/1.1", host: "gonps.com"
2026/06/20 07:47:42 [error] 3846953#3846953: *1154081 access forbidden by rule, client: 115.247.107.106, server: casalcorp.com, request: "POST /xmlrpc.php HTTP/1.1", host: "godswaymedia.com"
2026/06/20 07:47:51 [error] 3846953#3846953: *1154081 access forbidden by rule, client: 115.247.107.106, server: casalcorp.com, request: "POST /xmlrpc.php HTTP/1.1", host: "godswaymedia.com"
2026/06/20 07:48:02 [error] 3846953#3846953: *1154081 access forbidden by rule, client: 115.247.107.106, server: casalcorp.com, request: "POST /xmlrpc.php HTTP/1.1", host: "godswaymedia.com"
2026/06/20 07:48:13 [error] 3846953#3846953: *1154081 access forbidden by rule, client: 115.247.107.106, server: casalcorp.com, request: "POST /xmlrpc.php HTTP/1.1", host: "godswaymedia.com"
2026/06/20 07:48:23 [error] 3846953#3846953: *1154081 access forbidden by rule, client: 115.247.107.106, server: casalcorp.com, request: "POST /xmlrpc.php HTTP/1.1", host: "godswaymedia.com"
2026/06/20 07:48:34 [error] 3846953#3846953: *1154081 access forbidden by rule, client: 115.247.107.106, server: casalcorp.com, request: "POST /xmlrpc.php HTTP/1.1", host: "godswaymedia.com"
2026/06/20 07:48:45 [error] 3846953#3846953: *1154081 access forbidden by rule, client: 115.247.107.106, server: casalcorp.com, request: "POST /xmlrpc.php HTTP/1.1", host: "godswaymedia.com"
2026/06/20 07:48:56 [error] 3846953#3846953: *1154081 access forbidden by rule, client: 115.247.107.106, server: casalcorp.com, request: "POST /xmlrpc.php HTTP/1.1", host: "godswaymedia.com"
2026/06/20 07:49:06 [error] 3846953#3846953: *1154081 access forbidden by rule, client: 115.247.107.106, server: casalcorp.com, request: "POST /xmlrpc.php HTTP/1.1", host: "godswaymedia.com"
2026/06/20 07:49:17 [error] 3846953#3846953: *1154081 access forbidden by rule, client: 115.247.107.106, server: casalcorp.com, request: "POST /xmlrpc.php HTTP/1.1", host: "godswaymedia.com"
2026/06/20 07:49:28 [error] 3846953#3846953: *1154081 access forbidden by rule, client: 115.247.107.106, server: casalcorp.com, request: "POST /xmlrpc.php HTTP/1.1", host: "godswaymedia.com"
2026/06/20 07:49:38 [error] 3846953#3846953: *1154081 access forbidden by rule, client: 115.247.107.106, server: casalcorp.com, request: "POST /xmlrpc.php HTTP/1.1", host: "godswaymedia.com"
2026/06/20 07:49:49 [error] 3846953#3846953: *1154081 access forbidden by rule, client: 115.247.107.106, server: casalcorp.com, request: "POST /xmlrpc.php HTTP/1.1", host: "godswaymedia.com"
2026/06/20 07:50:00 [error] 3846953#3846953: *1154081 access forbidden by rule, client: 115.247.107.106, server: casalcorp.com, request: "POST /xmlrpc.php HTTP/1.1", host: "godswaymedia.com"
2026/06/20 07:50:10 [error] 3846953#3846953: *1154081 access forbidden by rule, client: 115.247.107.106, server: casalcorp.com, request: "POST /xmlrpc.php HTTP/1.1", host: "godswaymedia.com"
2026/06/20 07:50:21 [error] 3846953#3846953: *1154081 access forbidden by rule, client: 115.247.107.106, server: casalcorp.com, request: "POST /xmlrpc.php HTTP/1.1", host: "godswaymedia.com"
2026/06/20 07:50:32 [error] 3846953#3846953: *1154081 access forbidden by rule, client: 115.247.107.106, server: casalcorp.com, request: "POST /xmlrpc.php HTTP/1.1", host: "godswaymedia.com"
2026/06/20 07:50:42 [error] 3846953#3846953: *1154081 access forbidden by rule, client: 115.247.107.106, server: casalcorp.com, request: "POST /xmlrpc.php HTTP/1.1", host: "godswaymedia.com"
2026/06/20 07:50:53 [error] 3846953#3846953: *1154081 access forbidden by rule, client: 115.247.107.106, server: casalcorp.com, request: "POST /xmlrpc.php HTTP/1.1", host: "godswaymedia.com"
2026/06/20 07:50:54 [error] 3846953#3846953: *1155802 access forbidden by rule, client: 35.225.218.66, server: acleandream.org, request: "GET //xmlrpc.php?rsd HTTP/1.1", host: "acleandream.org"
2026/06/20 07:50:55 [error] 3846953#3846953: *1155802 access forbidden by rule, client: 35.225.218.66, server: acleandream.org, request: "GET //?author=1 HTTP/1.1", host: "acleandream.org"
2026/06/20 07:50:55 [error] 3846953#3846953: *1155802 access forbidden by rule, client: 35.225.218.66, server: acleandream.org, request: "GET //?author=2 HTTP/1.1", host: "acleandream.org"
2026/06/20 07:50:56 [error] 3846953#3846953: *1155802 access forbidden by rule, client: 35.225.218.66, server: acleandream.org, request: "POST //xmlrpc.php HTTP/1.1", host: "acleandream.org"
2026/06/20 07:51:04 [error] 3846953#3846953: *1154081 access forbidden by rule, client: 115.247.107.106, server: casalcorp.com, request: "POST /xmlrpc.php HTTP/1.1", host: "godswaymedia.com"
2026/06/20 07:51:14 [error] 3846953#3846953: *1154081 access forbidden by rule, client: 115.247.107.106, server: casalcorp.com, request: "POST /xmlrpc.php HTTP/1.1", host: "godswaymedia.com"
2026/06/20 07:51:25 [error] 3846953#3846953: *1154081 access forbidden by rule, client: 115.247.107.106, server: casalcorp.com, request: "POST /xmlrpc.php HTTP/1.1", host: "godswaymedia.com"
2026/06/20 07:51:36 [error] 3846953#3846953: *1154081 access forbidden by rule, client: 115.247.107.106, server: casalcorp.com, request: "POST /xmlrpc.php HTTP/1.1", host: "godswaymedia.com"
2026/06/20 07:51:47 [error] 3846953#3846953: *1154081 access forbidden by rule, client: 115.247.107.106, server: casalcorp.com, request: "POST /xmlrpc.php HTTP/1.1", host: "godswaymedia.com"
2026/06/20 07:51:57 [error] 3846953#3846953: *1154081 access forbidden by rule, client: 115.247.107.106, server: casalcorp.com, request: "POST /xmlrpc.php HTTP/1.1", host: "godswaymedia.com"
2026/06/20 07:52:08 [error] 3846953#3846953: *1154081 access forbidden by rule, client: 115.247.107.106, server: casalcorp.com, request: "POST /xmlrpc.php HTTP/1.1", host: "godswaymedia.com"
2026/06/20 07:52:19 [error] 3846953#3846953: *1154081 access forbidden by rule, client: 115.247.107.106, server: casalcorp.com, request: "POST /xmlrpc.php HTTP/1.1", host: "godswaymedia.com"
2026/06/20 07:52:29 [error] 3846953#3846953: *1154081 access forbidden by rule, client: 115.247.107.106, server: casalcorp.com, request: "POST /xmlrpc.php HTTP/1.1", host: "godswaymedia.com"
2026/06/20 07:52:40 [error] 3846953#3846953: *1154081 access forbidden by rule, client: 115.247.107.106, server: casalcorp.com, request: "POST /xmlrpc.php HTTP/1.1", host: "godswaymedia.com"
2026/06/20 07:52:51 [error] 3846953#3846953: *1154081 access forbidden by rule, client: 115.247.107.106, server: casalcorp.com, request: "POST /xmlrpc.php HTTP/1.1", host: "godswaymedia.com"
2026/06/20 07:53:02 [error] 3846953#3846953: *1154081 access forbidden by rule, client: 115.247.107.106, server: casalcorp.com, request: "POST /xmlrpc.php HTTP/1.1", host: "godswaymedia.com"
2026/06/20 07:53:12 [error] 3846953#3846953: *1154081 access forbidden by rule, client: 115.247.107.106, server: casalcorp.com, request: "POST /xmlrpc.php HTTP/1.1", host: "godswaymedia.com"
2026/06/20 07:53:23 [error] 3846953#3846953: *1154081 access forbidden by rule, client: 115.247.107.106, server: casalcorp.com, request: "POST /xmlrpc.php HTTP/1.1", host: "godswaymedia.com"
2026/06/20 07:53:33 [error] 3846953#3846953: *1154081 access forbidden by rule, client: 115.247.107.106, server: casalcorp.com, request: "POST /xmlrpc.php HTTP/1.1", host: "godswaymedia.com"
2026/06/20 07:53:44 [error] 3846953#3846953: *1154081 access forbidden by rule, client: 115.247.107.106, server: casalcorp.com, request: "POST /xmlrpc.php HTTP/1.1", host: "godswaymedia.com"
2026/06/20 07:53:55 [error] 3846953#3846953: *1154081 access forbidden by rule, client: 115.247.107.106, server: casalcorp.com, request: "POST /xmlrpc.php HTTP/1.1", host: "godswaymedia.com"
2026/06/20 07:54:06 [error] 3846953#3846953: *1154081 access forbidden by rule, client: 115.247.107.106, server: casalcorp.com, request: "POST /xmlrpc.php HTTP/1.1", host: "godswaymedia.com"
2026/06/20 07:54:16 [error] 3846953#3846953: *1154081 access forbidden by rule, client: 115.247.107.106, server: casalcorp.com, request: "POST /xmlrpc.php HTTP/1.1", host: "godswaymedia.com"
2026/06/20 07:54:27 [error] 3846953#3846953: *1154081 access forbidden by rule, client: 115.247.107.106, server: casalcorp.com, request: "POST /xmlrpc.php HTTP/1.1", host: "godswaymedia.com"
2026/06/20 07:54:38 [error] 3846953#3846953: *1154081 access forbidden by rule, client: 115.247.107.106, server: casalcorp.com, request: "POST /xmlrpc.php HTTP/1.1", host: "godswaymedia.com"
2026/06/20 07:54:48 [error] 3846953#3846953: *1154081 access forbidden by rule, client: 115.247.107.106, server: casalcorp.com, request: "POST /xmlrpc.php HTTP/1.1", host: "godswaymedia.com"
2026/06/20 07:54:59 [error] 3846953#3846953: *1154081 access forbidden by rule, client: 115.247.107.106, server: casalcorp.com, request: "POST /xmlrpc.php HTTP/1.1", host: "godswaymedia.com"
2026/06/20 07:55:10 [error] 3846953#3846953: *1154081 access forbidden by rule, client: 115.247.107.106, server: casalcorp.com, request: "POST /xmlrpc.php HTTP/1.1", host: "godswaymedia.com"
2026/06/20 07:55:20 [error] 3846953#3846953: *1154081 access forbidden by rule, client: 115.247.107.106, server: casalcorp.com, request: "POST /xmlrpc.php HTTP/1.1", host: "godswaymedia.com"
2026/06/20 07:55:31 [error] 3846953#3846953: *1154081 access forbidden by rule, client: 115.247.107.106, server: casalcorp.com, request: "POST /xmlrpc.php HTTP/1.1", host: "godswaymedia.com"
2026/06/20 07:55:42 [error] 3846953#3846953: *1154081 access forbidden by rule, client: 115.247.107.106, server: casalcorp.com, request: "POST /xmlrpc.php HTTP/1.1", host: "godswaymedia.com"
2026/06/20 07:55:52 [error] 3846953#3846953: *1154081 access forbidden by rule, client: 115.247.107.106, server: casalcorp.com, request: "POST /xmlrpc.php HTTP/1.1", host: "godswaymedia.com"
2026/06/20 07:56:03 [error] 3846953#3846953: *1154081 access forbidden by rule, client: 115.247.107.106, server: casalcorp.com, request: "POST /xmlrpc.php HTTP/1.1", host: "godswaymedia.com"
2026/06/20 07:56:14 [error] 3846953#3846953: *1154081 access forbidden by rule, client: 115.247.107.106, server: casalcorp.com, request: "POST /xmlrpc.php HTTP/1.1", host: "godswaymedia.com"
2026/06/20 07:56:24 [error] 3846953#3846953: *1154081 access forbidden by rule, client: 115.247.107.106, server: casalcorp.com, request: "POST /xmlrpc.php HTTP/1.1", host: "godswaymedia.com"
2026/06/20 07:56:35 [error] 3846953#3846953: *1154081 access forbidden by rule, client: 115.247.107.106, server: casalcorp.com, request: "POST /xmlrpc.php HTTP/1.1", host: "godswaymedia.com"
2026/06/20 07:56:46 [error] 3846953#3846953: *1154081 access forbidden by rule, client: 115.247.107.106, server: casalcorp.com, request: "POST /xmlrpc.php HTTP/1.1", host: "godswaymedia.com"
2026/06/20 07:56:56 [error] 3846953#3846953: *1154081 access forbidden by rule, client: 115.247.107.106, server: casalcorp.com, request: "POST /xmlrpc.php HTTP/1.1", host: "godswaymedia.com"
2026/06/20 07:57:07 [error] 3846953#3846953: *1154081 access forbidden by rule, client: 115.247.107.106, server: casalcorp.com, request: "POST /xmlrpc.php HTTP/1.1", host: "godswaymedia.com"
2026/06/20 07:57:18 [error] 3846953#3846953: *1154081 access forbidden by rule, client: 115.247.107.106, server: casalcorp.com, request: "POST /xmlrpc.php HTTP/1.1", host: "godswaymedia.com"
2026/06/20 07:57:18 [warn] 3846953#3846953: *1159597 an upstream response is buffered to a temporary file /var/cache/nginx/proxy_temp/5/91/0068049915 while reading upstream, client: 107.174.148.168, server: southparktavern.com, request: "GET /my-bookings/ HTTP/1.1", upstream: "https://165.140.87.36:444/my-bookings/", host: "southparktavern.com", referrer: "https://southparktavern.com/"
2026/06/20 07:57:28 [error] 3846953#3846953: *1154081 access forbidden by rule, client: 115.247.107.106, server: casalcorp.com, request: "POST /xmlrpc.php HTTP/1.1", host: "godswaymedia.com"
2026/06/20 07:57:39 [error] 3846953#3846953: *1154081 access forbidden by rule, client: 115.247.107.106, server: casalcorp.com, request: "POST /xmlrpc.php HTTP/1.1", host: "godswaymedia.com"
2026/06/20 07:57:50 [error] 3846953#3846953: *1154081 access forbidden by rule, client: 115.247.107.106, server: casalcorp.com, request: "POST /xmlrpc.php HTTP/1.1", host: "godswaymedia.com"
2026/06/20 07:58:01 [error] 3846953#3846953: *1154081 access forbidden by rule, client: 115.247.107.106, server: casalcorp.com, request: "POST /xmlrpc.php HTTP/1.1", host: "godswaymedia.com"
2026/06/20 07:58:11 [error] 3846953#3846953: *1154081 access forbidden by rule, client: 115.247.107.106, server: casalcorp.com, request: "POST /xmlrpc.php HTTP/1.1", host: "godswaymedia.com"
2026/06/20 07:58:22 [error] 3846953#3846953: *1154081 access forbidden by rule, client: 115.247.107.106, server: casalcorp.com, request: "POST /xmlrpc.php HTTP/1.1", host: "godswaymedia.com"
2026/06/20 07:58:33 [error] 3846953#3846953: *1154081 access forbidden by rule, client: 115.247.107.106, server: casalcorp.com, request: "POST /xmlrpc.php HTTP/1.1", host: "godswaymedia.com"
2026/06/20 07:58:43 [error] 3846953#3846953: *1154081 access forbidden by rule, client: 115.247.107.106, server: casalcorp.com, request: "POST /xmlrpc.php HTTP/1.1", host: "godswaymedia.com"
2026/06/20 07:58:44 [error] 3846953#3846953: *1160437 access forbidden by rule, client: 34.69.72.176, server: esrati.com, request: "GET /?author=1 HTTP/1.1", host: "esrati.com"
2026/06/20 07:58:44 [error] 3846953#3846953: *1160437 access forbidden by rule, client: 34.69.72.176, server: esrati.com, request: "GET /?author=2 HTTP/1.1", host: "esrati.com"
2026/06/20 07:58:50 [error] 3846953#3846953: *1160437 access forbidden by rule, client: 34.69.72.176, server: esrati.com, request: "POST /xmlrpc.php HTTP/1.1", host: "esrati.com"
2026/06/20 07:58:54 [error] 3846953#3846953: *1154081 access forbidden by rule, client: 115.247.107.106, server: casalcorp.com, request: "POST /xmlrpc.php HTTP/1.1", host: "godswaymedia.com"
2026/06/20 07:59:05 [error] 3846953#3846953: *1154081 access forbidden by rule, client: 115.247.107.106, server: casalcorp.com, request: "POST /xmlrpc.php HTTP/1.1", host: "godswaymedia.com"
2026/06/20 07:59:16 [error] 3846953#3846953: *1154081 access forbidden by rule, client: 115.247.107.106, server: casalcorp.com, request: "POST /xmlrpc.php HTTP/1.1", host: "godswaymedia.com"
2026/06/20 07:59:26 [error] 3846953#3846953: *1154081 access forbidden by rule, client: 115.247.107.106, server: casalcorp.com, request: "POST /xmlrpc.php HTTP/1.1", host: "godswaymedia.com"
2026/06/20 07:59:37 [error] 3846953#3846953: *1154081 access forbidden by rule, client: 115.247.107.106, server: casalcorp.com, request: "POST /xmlrpc.php HTTP/1.1", host: "godswaymedia.com"
2026/06/20 07:59:48 [error] 3846953#3846953: *1154081 access forbidden by rule, client: 115.247.107.106, server: casalcorp.com, request: "POST /xmlrpc.php HTTP/1.1", host: "godswaymedia.com"
2026/06/20 07:59:58 [error] 3846953#3846953: *1154081 access forbidden by rule, client: 115.247.107.106, server: casalcorp.com, request: "POST /xmlrpc.php HTTP/1.1", host: "godswaymedia.com"
2026/06/20 08:00:03 [crit] 3846954#3846954: unlink() "/var/cache/ea-nginx/proxy/twintowers/4/fd/0b5f2c521fa7a63d092056be93b42fd4" failed (2: No such file or directory)
2026/06/20 08:00:09 [error] 3846953#3846953: *1154081 access forbidden by rule, client: 115.247.107.106, server: casalcorp.com, request: "POST /xmlrpc.php HTTP/1.1", host: "godswaymedia.com"
2026/06/20 08:00:20 [error] 3846953#3846953: *1154081 access forbidden by rule, client: 115.247.107.106, server: casalcorp.com, request: "POST /xmlrpc.php HTTP/1.1", host: "godswaymedia.com"
2026/06/20 08:00:30 [error] 3846953#3846953: *1154081 access forbidden by rule, client: 115.247.107.106, server: casalcorp.com, request: "POST /xmlrpc.php HTTP/1.1", host: "godswaymedia.com"
2026/06/20 08:00:41 [error] 3846953#3846953: *1154081 access forbidden by rule, client: 115.247.107.106, server: casalcorp.com, request: "POST /xmlrpc.php HTTP/1.1", host: "godswaymedia.com"
2026/06/20 08:00:52 [error] 3846953#3846953: *1154081 access forbidden by rule, client: 115.247.107.106, server: casalcorp.com, request: "POST /xmlrpc.php HTTP/1.1", host: "godswaymedia.com"
2026/06/20 08:01:02 [error] 3846953#3846953: *1154081 access forbidden by rule, client: 115.247.107.106, server: casalcorp.com, request: "POST /xmlrpc.php HTTP/1.1", host: "godswaymedia.com"
2026/06/20 08:01:13 [error] 3846953#3846953: *1154081 access forbidden by rule, client: 115.247.107.106, server: casalcorp.com, request: "POST /xmlrpc.php HTTP/1.1", host: "godswaymedia.com"
2026/06/20 08:01:24 [error] 3846953#3846953: *1154081 access forbidden by rule, client: 115.247.107.106, server: casalcorp.com, request: "POST /xmlrpc.php HTTP/1.1", host: "godswaymedia.com"
2026/06/20 08:01:35 [error] 3846953#3846953: *1154081 access forbidden by rule, client: 115.247.107.106, server: casalcorp.com, request: "POST /xmlrpc.php HTTP/1.1", host: "godswaymedia.com"
2026/06/20 08:01:38 [error] 3846953#3846953: *1162372 access forbidden by rule, client: 43.159.144.16, server: bellamusicadayton.com, request: "GET /xmlrpc.php?rsd HTTP/1.1", host: "bellamusicadayton.com"
2026/06/20 08:01:45 [error] 3846953#3846953: *1154081 access forbidden by rule, client: 115.247.107.106, server: casalcorp.com, request: "POST /xmlrpc.php HTTP/1.1", host: "godswaymedia.com"
2026/06/20 08:01:56 [error] 3846953#3846953: *1154081 access forbidden by rule, client: 115.247.107.106, server: casalcorp.com, request: "POST /xmlrpc.php HTTP/1.1", host: "godswaymedia.com"
2026/06/20 08:02:06 [error] 3846953#3846953: *1154081 access forbidden by rule, client: 115.247.107.106, server: casalcorp.com, request: "POST /xmlrpc.php HTTP/1.1", host: "godswaymedia.com"
2026/06/20 08:02:17 [error] 3846953#3846953: *1154081 access forbidden by rule, client: 115.247.107.106, server: casalcorp.com, request: "POST /xmlrpc.php HTTP/1.1", host: "godswaymedia.com"
2026/06/20 08:02:28 [error] 3846953#3846953: *1154081 access forbidden by rule, client: 115.247.107.106, server: casalcorp.com, request: "POST /xmlrpc.php HTTP/1.1", host: "godswaymedia.com"
2026/06/20 08:02:39 [error] 3846953#3846953: *1154081 access forbidden by rule, client: 115.247.107.106, server: casalcorp.com, request: "POST /xmlrpc.php HTTP/1.1", host: "godswaymedia.com"
2026/06/20 08:02:49 [error] 3846953#3846953: *1154081 access forbidden by rule, client: 115.247.107.106, server: casalcorp.com, request: "POST /xmlrpc.php HTTP/1.1", host: "godswaymedia.com"
2026/06/20 08:02:50 [error] 3846953#3846953: *1162140 access forbidden by rule, client: 172.173.67.22, server: academyhockey.org, request: "GET /wp-includes/ID3/about.php HTTP/1.1", host: "academyhockey.org"
2026/06/20 08:03:00 [error] 3846953#3846953: *1154081 access forbidden by rule, client: 115.247.107.106, server: casalcorp.com, request: "POST /xmlrpc.php HTTP/1.1", host: "godswaymedia.com"
2026/06/20 08:03:11 [error] 3846953#3846953: *1154081 access forbidden by rule, client: 115.247.107.106, server: casalcorp.com, request: "POST /xmlrpc.php HTTP/1.1", host: "godswaymedia.com"
2026/06/20 08:03:21 [error] 3846953#3846953: *1154081 access forbidden by rule, client: 115.247.107.106, server: casalcorp.com, request: "POST /xmlrpc.php HTTP/1.1", host: "godswaymedia.com"
2026/06/20 08:03:32 [error] 3846953#3846953: *1154081 access forbidden by rule, client: 115.247.107.106, server: casalcorp.com, request: "POST /xmlrpc.php HTTP/1.1", host: "godswaymedia.com"
2026/06/20 08:03:43 [error] 3846953#3846953: *1154081 access forbidden by rule, client: 115.247.107.106, server: casalcorp.com, request: "POST /xmlrpc.php HTTP/1.1", host: "godswaymedia.com"
2026/06/20 08:03:49 [warn] 3846953#3846953: *1163814 a client request body is buffered to a temporary file /var/cache/nginx/client_temp/0068050277, client: 178.20.210.177, server: f2cfnd.org, request: "POST /wp-content/themes/config_1779505702/admin/assets/css/custom-file-4-1779505705.php HTTP/1.1", host: "f2cfnd.org"
2026/06/20 08:03:54 [error] 3846953#3846953: *1154081 access forbidden by rule, client: 115.247.107.106, server: casalcorp.com, request: "POST /xmlrpc.php HTTP/1.1", host: "godswaymedia.com"
2026/06/20 08:04:04 [error] 3846953#3846953: *1154081 access forbidden by rule, client: 115.247.107.106, server: casalcorp.com, request: "POST /xmlrpc.php HTTP/1.1", host: "godswaymedia.com"
2026/06/20 08:04:15 [error] 3846953#3846953: *1154081 access forbidden by rule, client: 115.247.107.106, server: casalcorp.com, request: "POST /xmlrpc.php HTTP/1.1", host: "godswaymedia.com"
2026/06/20 08:04:21 [error] 3846953#3846953: *1162140 access forbidden by rule, client: 172.173.67.22, server: academyhockey.org, request: "GET /wp-includes/Text/Diff/Engine/about.php HTTP/1.1", host: "academyhockey.org"
2026/06/20 08:04:26 [error] 3846953#3846953: *1154081 access forbidden by rule, client: 115.247.107.106, server: casalcorp.com, request: "POST /xmlrpc.php HTTP/1.1", host: "godswaymedia.com"
2026/06/20 08:04:36 [error] 3846953#3846953: *1154081 access forbidden by rule, client: 115.247.107.106, server: casalcorp.com, request: "POST /xmlrpc.php HTTP/1.1", host: "godswaymedia.com"
2026/06/20 08:04:47 [error] 3846953#3846953: *1154081 access forbidden by rule, client: 115.247.107.106, server: casalcorp.com, request: "POST /xmlrpc.php HTTP/1.1", host: "godswaymedia.com"
2026/06/20 08:04:58 [error] 3846953#3846953: *1154081 access forbidden by rule, client: 115.247.107.106, server: casalcorp.com, request: "POST /xmlrpc.php HTTP/1.1", host: "godswaymedia.com"
2026/06/20 08:05:09 [error] 3846953#3846953: *1154081 access forbidden by rule, client: 115.247.107.106, server: casalcorp.com, request: "POST /xmlrpc.php HTTP/1.1", host: "godswaymedia.com"
2026/06/20 08:05:19 [error] 3846953#3846953: *1154081 access forbidden by rule, client: 115.247.107.106, server: casalcorp.com, request: "POST /xmlrpc.php HTTP/1.1", host: "godswaymedia.com"
2026/06/20 08:05:30 [error] 3846953#3846953: *1154081 access forbidden by rule, client: 115.247.107.106, server: casalcorp.com, request: "POST /xmlrpc.php HTTP/1.1", host: "godswaymedia.com"
2026/06/20 08:05:41 [error] 3846953#3846953: *1154081 access forbidden by rule, client: 115.247.107.106, server: casalcorp.com, request: "POST /xmlrpc.php HTTP/1.1", host: "godswaymedia.com"
2026/06/20 08:05:51 [error] 3846953#3846953: *1154081 access forbidden by rule, client: 115.247.107.106, server: casalcorp.com, request: "POST /xmlrpc.php HTTP/1.1", host: "godswaymedia.com"
2026/06/20 08:06:02 [error] 3846953#3846953: *1154081 access forbidden by rule, client: 115.247.107.106, server: casalcorp.com, request: "POST /xmlrpc.php HTTP/1.1", host: "godswaymedia.com"
2026/06/20 08:06:13 [error] 3846953#3846953: *1154081 access forbidden by rule, client: 115.247.107.106, server: casalcorp.com, request: "POST /xmlrpc.php HTTP/1.1", host: "godswaymedia.com"
2026/06/20 08:06:24 [error] 3846953#3846953: *1154081 access forbidden by rule, client: 115.247.107.106, server: casalcorp.com, request: "POST /xmlrpc.php HTTP/1.1", host: "godswaymedia.com"
2026/06/20 08:06:34 [error] 3846953#3846953: *1154081 access forbidden by rule, client: 115.247.107.106, server: casalcorp.com, request: "POST /xmlrpc.php HTTP/1.1", host: "godswaymedia.com"
2026/06/20 08:06:45 [error] 3846953#3846953: *1154081 access forbidden by rule, client: 115.247.107.106, server: casalcorp.com, request: "POST /xmlrpc.php HTTP/1.1", host: "godswaymedia.com"
2026/06/20 08:06:56 [error] 3846953#3846953: *1154081 access forbidden by rule, client: 115.247.107.106, server: casalcorp.com, request: "POST /xmlrpc.php HTTP/1.1", host: "godswaymedia.com"
2026/06/20 08:07:06 [error] 3846953#3846953: *1154081 access forbidden by rule, client: 115.247.107.106, server: casalcorp.com, request: "POST /xmlrpc.php HTTP/1.1", host: "godswaymedia.com"
2026/06/20 08:07:17 [error] 3846953#3846953: *1154081 access forbidden by rule, client: 115.247.107.106, server: casalcorp.com, request: "POST /xmlrpc.php HTTP/1.1", host: "godswaymedia.com"
2026/06/20 08:07:28 [error] 3846953#3846953: *1154081 access forbidden by rule, client: 115.247.107.106, server: casalcorp.com, request: "POST /xmlrpc.php HTTP/1.1", host: "godswaymedia.com"
2026/06/20 08:07:38 [error] 3846953#3846953: *1154081 access forbidden by rule, client: 115.247.107.106, server: casalcorp.com, request: "POST /xmlrpc.php HTTP/1.1", host: "godswaymedia.com"
2026/06/20 08:07:49 [error] 3846953#3846953: *1154081 access forbidden by rule, client: 115.247.107.106, server: casalcorp.com, request: "POST /xmlrpc.php HTTP/1.1", host: "godswaymedia.com"
2026/06/20 08:08:00 [error] 3846953#3846953: *1154081 access forbidden by rule, client: 115.247.107.106, server: casalcorp.com, request: "POST /xmlrpc.php HTTP/1.1", host: "godswaymedia.com"
2026/06/20 08:08:11 [error] 3846953#3846953: *1154081 access forbidden by rule, client: 115.247.107.106, server: casalcorp.com, request: "POST /xmlrpc.php HTTP/1.1", host: "godswaymedia.com"
